{"id":53920,"date":"2026-03-09T19:04:36","date_gmt":"2026-03-09T19:04:36","guid":{"rendered":"https:\/\/fcquna.edu.py\/v3\/?page_id=53920"},"modified":"2026-03-19T20:39:43","modified_gmt":"2026-03-19T20:39:43","slug":"unidad-de-gestion-de-proyectos-de-investigacion","status":"publish","type":"page","link":"https:\/\/fcquna.edu.py\/v3\/institucional\/dependencias\/unidad-de-gestion-de-proyectos-de-investigacion\/","title":{"rendered":"Unidad de Gesti\u00f3n de Proyectos de Investigaci\u00f3n"},"content":{"rendered":"\t\t<div data-elementor-type=\"wp-page\" data-elementor-id=\"53920\" class=\"elementor elementor-53920\" data-elementor-post-type=\"page\">\n\t\t\t\t<div class=\"elementor-element elementor-element-c75b631 e-flex e-con-boxed e-con e-parent\" data-id=\"c75b631\" data-element_type=\"container\" data-settings=\"{&quot;jet_parallax_layout_list&quot;:[]}\">\n\t\t\t\t\t<div class=\"e-con-inner\">\n\t\t\t\t<div class=\"elementor-element elementor-element-b63ccd9 elementor-widget elementor-widget-heading\" data-id=\"b63ccd9\" data-element_type=\"widget\" data-widget_type=\"heading.default\">\n\t\t\t\t\t<h2 class=\"elementor-heading-title elementor-size-default\">Presentaci\u00f3n<\/h2>\t\t\t\t<\/div>\n\t\t\t\t<div class=\"elementor-element elementor-element-92740c1 elementor-widget elementor-widget-text-editor\" data-id=\"92740c1\" data-element_type=\"widget\" data-widget_type=\"text-editor.default\">\n\t\t\t\t\t\t\t\t\t<p><b>Objetivos<\/b><\/p><p>Administrar los recursos asignados y fondos obtenidos para los proyectos de investigaci\u00f3n. Realizar la gesti\u00f3n administrativa integral de los programas propios en materia de investigaci\u00f3n, as\u00ed como la difusi\u00f3n, apoyo y seguimiento de todas las convocatorias externas e internas de inter\u00e9s para los investigadores de la Facultad de Ciencias Qu\u00edmicas \u2013 UNA..<\/p><p><b>Funciones<\/b><\/p><p>Gestionar el desarrollo de cada proyecto seg\u00fan su financiamiento, dejar constancia de cada etapa del proceso de contrataci\u00f3n, de la valoraci\u00f3n y el concurso seg\u00fan lo establece la Ley 6759\/2021, realizar una rendici\u00f3n de los fondos obtenidos para la investigaci\u00f3n.<\/p>\t\t\t\t\t\t\t\t<\/div>\n\t\t<div class=\"elementor-element elementor-element-793952d e-con-full e-flex e-con e-child\" data-id=\"793952d\" data-element_type=\"container\" data-settings=\"{&quot;jet_parallax_layout_list&quot;:[]}\">\n\t\t<div class=\"elementor-element elementor-element-98f83d8 e-con-full e-flex e-con e-child\" data-id=\"98f83d8\" data-element_type=\"container\" data-settings=\"{&quot;jet_parallax_layout_list&quot;:[]}\">\n\t\t<div class=\"elementor-element elementor-element-ea40af8 e-con-full e-flex e-con e-child\" data-id=\"ea40af8\" data-element_type=\"container\" data-settings=\"{&quot;jet_parallax_layout_list&quot;:[]}\">\n\t\t\t\t<div class=\"elementor-element elementor-element-9ba55ac elementor-widget elementor-widget-image\" data-id=\"9ba55ac\" data-element_type=\"widget\" data-widget_type=\"image.default\">\n\t\t\t\t\t\t\t\t\t\t\t\t\t\t\t<img fetchpriority=\"high\" decoding=\"async\" width=\"768\" height=\"768\" src=\"https:\/\/fcquna.edu.py\/v3\/wp-content\/uploads\/2026\/03\/UGPI_Francisco_Servin-768x768.jpg\" class=\"attachment-medium_large size-medium_large wp-image-54688\" alt=\"\" srcset=\"https:\/\/fcquna.edu.py\/v3\/wp-content\/uploads\/2026\/03\/UGPI_Francisco_Servin-768x768.jpg 768w, https:\/\/fcquna.edu.py\/v3\/wp-content\/uploads\/2026\/03\/UGPI_Francisco_Servin-300x300.jpg 300w, https:\/\/fcquna.edu.py\/v3\/wp-content\/uploads\/2026\/03\/UGPI_Francisco_Servin-150x150.jpg 150w, https:\/\/fcquna.edu.py\/v3\/wp-content\/uploads\/2026\/03\/UGPI_Francisco_Servin.jpg 1000w\" sizes=\"(max-width: 768px) 100vw, 768px\" \/>\t\t\t\t\t\t\t\t\t\t\t\t\t\t\t<\/div>\n\t\t\t\t<\/div>\n\t\t<div class=\"elementor-element elementor-element-74cbd43 e-con-full e-flex e-con e-child\" data-id=\"74cbd43\" data-element_type=\"container\" data-settings=\"{&quot;jet_parallax_layout_list&quot;:[],&quot;background_background&quot;:&quot;classic&quot;}\">\n\t\t\t\t<div class=\"elementor-element elementor-element-384db64 elementor-widget elementor-widget-heading\" data-id=\"384db64\" data-element_type=\"widget\" data-widget_type=\"heading.default\">\n\t\t\t\t\t<h2 class=\"elementor-heading-title elementor-size-default\">Lic. Francisco Jos\u00e9 Serv\u00edn Giubi<\/h2>\t\t\t\t<\/div>\n\t\t\t\t<div class=\"elementor-element elementor-element-dd3ce64 elementor-widget elementor-widget-text-editor\" data-id=\"dd3ce64\" data-element_type=\"widget\" data-widget_type=\"text-editor.default\">\n\t\t\t\t\t\t\t\t\t<p>Director<\/p>\t\t\t\t\t\t\t\t<\/div>\n\t\t\t\t<div class=\"elementor-element elementor-element-47cc4bf elementor-icon-list--layout-traditional elementor-list-item-link-full_width elementor-widget elementor-widget-icon-list\" data-id=\"47cc4bf\" data-element_type=\"widget\" data-widget_type=\"icon-list.default\">\n\t\t\t\t\t\t\t<ul class=\"elementor-icon-list-items\">\n\t\t\t\t\t\t\t<li class=\"elementor-icon-list-item\">\n\t\t\t\t\t\t\t\t\t\t\t<a href=\"mailto:ugpi@qui.una.py\u00a0\">\n\n\t\t\t\t\t\t\t\t\t\t\t\t<span class=\"elementor-icon-list-icon\">\n\t\t\t\t\t\t\t<svg aria-hidden=\"true\" class=\"e-font-icon-svg e-fas-envelope\" viewBox=\"0 0 512 512\" xmlns=\"http:\/\/www.w3.org\/2000\/svg\"><path d=\"M502.3 190.8c3.9-3.1 9.7-.2 9.7 4.7V400c0 26.5-21.5 48-48 48H48c-26.5 0-48-21.5-48-48V195.6c0-5 5.7-7.8 9.7-4.7 22.4 17.4 52.1 39.5 154.1 113.6 21.1 15.4 56.7 47.8 92.2 47.6 35.7.3 72-32.8 92.3-47.6 102-74.1 131.6-96.3 154-113.7zM256 320c23.2.4 56.6-29.2 73.4-41.4 132.7-96.3 142.8-104.7 173.4-128.7 5.8-4.5 9.2-11.5 9.2-18.9v-19c0-26.5-21.5-48-48-48H48C21.5 64 0 85.5 0 112v19c0 7.4 3.4 14.3 9.2 18.9 30.6 23.9 40.7 32.4 173.4 128.7 16.8 12.2 50.2 41.8 73.4 41.4z\"><\/path><\/svg>\t\t\t\t\t\t<\/span>\n\t\t\t\t\t\t\t\t\t\t<span class=\"elementor-icon-list-text\">ugpi@qui.una.py\u00a0<\/span>\n\t\t\t\t\t\t\t\t\t\t\t<\/a>\n\t\t\t\t\t\t\t\t\t<\/li>\n\t\t\t\t\t\t\t\t<li class=\"elementor-icon-list-item\">\n\t\t\t\t\t\t\t\t\t\t\t<a href=\"mailto:fservin@qui.una.py\">\n\n\t\t\t\t\t\t\t\t\t\t\t\t<span class=\"elementor-icon-list-icon\">\n\t\t\t\t\t\t\t<svg aria-hidden=\"true\" class=\"e-font-icon-svg e-fas-envelope\" viewBox=\"0 0 512 512\" xmlns=\"http:\/\/www.w3.org\/2000\/svg\"><path d=\"M502.3 190.8c3.9-3.1 9.7-.2 9.7 4.7V400c0 26.5-21.5 48-48 48H48c-26.5 0-48-21.5-48-48V195.6c0-5 5.7-7.8 9.7-4.7 22.4 17.4 52.1 39.5 154.1 113.6 21.1 15.4 56.7 47.8 92.2 47.6 35.7.3 72-32.8 92.3-47.6 102-74.1 131.6-96.3 154-113.7zM256 320c23.2.4 56.6-29.2 73.4-41.4 132.7-96.3 142.8-104.7 173.4-128.7 5.8-4.5 9.2-11.5 9.2-18.9v-19c0-26.5-21.5-48-48-48H48C21.5 64 0 85.5 0 112v19c0 7.4 3.4 14.3 9.2 18.9 30.6 23.9 40.7 32.4 173.4 128.7 16.8 12.2 50.2 41.8 73.4 41.4z\"><\/path><\/svg>\t\t\t\t\t\t<\/span>\n\t\t\t\t\t\t\t\t\t\t<span class=\"elementor-icon-list-text\">fservin@qui.una.py<\/span>\n\t\t\t\t\t\t\t\t\t\t\t<\/a>\n\t\t\t\t\t\t\t\t\t<\/li>\n\t\t\t\t\t\t<\/ul>\n\t\t\t\t\t\t<\/div>\n\t\t\t\t<\/div>\n\t\t\t\t<\/div>\n\t\t\t\t<\/div>\n\t\t\t\t<div class=\"elementor-element elementor-element-28a7dbd elementor-widget elementor-widget-heading\" data-id=\"28a7dbd\" data-element_type=\"widget\" data-widget_type=\"heading.default\">\n\t\t\t\t\t<h2 class=\"elementor-heading-title elementor-size-default\">Secretar\u00eda<\/h2>\t\t\t\t<\/div>\n\t\t\t\t<div class=\"elementor-element elementor-element-93086bb elementor-widget elementor-widget-text-editor\" data-id=\"93086bb\" data-element_type=\"widget\" data-widget_type=\"text-editor.default\">\n\t\t\t\t\t\t\t\t\t<p><b>Funciones<\/b><\/p><p>Recepcionar, registrar, distribuir y hacer seguimiento a las documentaciones recibidas y remitidas, controlar las documentaciones a ser presentadas al Director, velar por el correcto archivo, conservaci\u00f3n y recuperaci\u00f3n de los documentos recibidos y mantener actualizados los registros.\u00a0<\/p><p><b>Contacto: <\/b><a href=\"mailto:ugpi@qui.una.py\">ugpi@qui.una.py<\/a><\/p>\t\t\t\t\t\t\t\t<\/div>\n\t\t\t\t\t<\/div>\n\t\t\t\t<\/div>\n\t\t<div class=\"elementor-element elementor-element-ea52cf3 e-flex e-con-boxed e-con e-parent\" data-id=\"ea52cf3\" data-element_type=\"container\" data-settings=\"{&quot;jet_parallax_layout_list&quot;:[]}\">\n\t\t\t\t\t<div class=\"e-con-inner\">\n\t\t\t\t<div class=\"elementor-element elementor-element-6df8f20 elementor-widget elementor-widget-heading\" data-id=\"6df8f20\" data-element_type=\"widget\" data-widget_type=\"heading.default\">\n\t\t\t\t\t<h2 class=\"elementor-heading-title elementor-size-default\">Dpto. de Administraci\u00f3n de Proyectos<\/h2>\t\t\t\t<\/div>\n\t\t\t\t<div class=\"elementor-element elementor-element-041da5f elementor-widget elementor-widget-text-editor\" data-id=\"041da5f\" data-element_type=\"widget\" data-widget_type=\"text-editor.default\">\n\t\t\t\t\t\t\t\t\t<p><b>Funciones: <\/b>Planificar juntamente con la Direcci\u00f3n las actividades relacionadas a la ejecuci\u00f3n de los proyectos institucionales y de investigaci\u00f3n, apoyar a los postulantes y dar seguimiento a la presentaci\u00f3n de rendiciones de cuentas.<\/p><p>C.P. Gabiana Soledad Scavone Rodas, Jefa de Departamento <br \/><b>Contacto: <\/b><a href=\"mailto:gscavone@qui.una.py\">gscavone@qui.una.py<\/a><\/p><p>Lic. Deisy Johanna Mart\u00ednez Bobadilla, T\u00e9cnica\u00a0<br \/><b>Contacto: <\/b><a href=\"mailto:dmartinez@qui.una.py\">dmartinez@qui.una.py<\/a> <b>\u00a0<\/b><\/p><p>C.P.\u00a0 Julio C\u00e9sar Machuca Candia, T\u00e9cnico\u00a0<br \/><b>Contacto:<\/b> <a href=\"mailto:jmachuca@qui.una.py\">jmachuca@qui.una.py<\/a>\u00a0<\/p><p>Abg. Marcio C\u00e9sar Cano Toledo, T\u00e9cnico\u00a0<br \/><b>Contacto:<\/b> <a href=\"mailto:mcano@qui.una.py\">mcano@qui.una.p<\/a><\/p>\t\t\t\t\t\t\t\t<\/div>\n\t\t\t\t\t<\/div>\n\t\t\t\t<\/div>\n\t\t\t\t<\/div>\n\t\t","protected":false},"excerpt":{"rendered":"<p>Presentaci\u00f3n Objetivos Administrar los recursos asignados y fondos obtenidos para los proyectos de investigaci\u00f3n. Realizar la gesti\u00f3n administrativa integral de los programas propios en materia de investigaci\u00f3n, as\u00ed como la difusi\u00f3n, apoyo y seguimiento de todas las convocatorias externas e internas de inter\u00e9s para los investigadores de la Facultad de Ciencias Qu\u00edmicas \u2013 UNA.. Funciones [&hellip;]<\/p>\n","protected":false},"author":2,"featured_media":0,"parent":48650,"menu_order":0,"comment_status":"closed","ping_status":"closed","template":"","meta":{"footnotes":""},"class_list":["post-53920","page","type-page","status-publish","hentry"],"_links":{"self":[{"href":"https:\/\/fcquna.edu.py\/v3\/wp-json\/wp\/v2\/pages\/53920","targetHints":{"allow":["GET"]}}],"collection":[{"href":"https:\/\/fcquna.edu.py\/v3\/wp-json\/wp\/v2\/pages"}],"about":[{"href":"https:\/\/fcquna.edu.py\/v3\/wp-json\/wp\/v2\/types\/page"}],"author":[{"embeddable":true,"href":"https:\/\/fcquna.edu.py\/v3\/wp-json\/wp\/v2\/users\/2"}],"replies":[{"embeddable":true,"href":"https:\/\/fcquna.edu.py\/v3\/wp-json\/wp\/v2\/comments?post=53920"}],"version-history":[{"count":22,"href":"https:\/\/fcquna.edu.py\/v3\/wp-json\/wp\/v2\/pages\/53920\/revisions"}],"predecessor-version":[{"id":55343,"href":"https:\/\/fcquna.edu.py\/v3\/wp-json\/wp\/v2\/pages\/53920\/revisions\/55343"}],"up":[{"embeddable":true,"href":"https:\/\/fcquna.edu.py\/v3\/wp-json\/wp\/v2\/pages\/48650"}],"wp:attachment":[{"href":"https:\/\/fcquna.edu.py\/v3\/wp-json\/wp\/v2\/media?parent=53920"}],"curies":[{"name":"wp","href":"https:\/\/api.w.org\/{rel}","templated":true}]}}