{"id":48892,"date":"2026-02-19T14:32:49","date_gmt":"2026-02-19T14:32:49","guid":{"rendered":"https:\/\/fcquna.edu.py\/v3\/?page_id=48892"},"modified":"2026-02-19T14:50:08","modified_gmt":"2026-02-19T14:50:08","slug":"noticias","status":"publish","type":"page","link":"https:\/\/fcquna.edu.py\/v3\/noticias\/","title":{"rendered":"Noticias"},"content":{"rendered":"\t\t<div data-elementor-type=\"wp-page\" data-elementor-id=\"48892\" class=\"elementor elementor-48892\" data-elementor-post-type=\"page\">\n\t\t\t\t<div class=\"elementor-element elementor-element-027ff1a e-flex e-con-boxed e-con e-parent\" data-id=\"027ff1a\" data-element_type=\"container\" data-settings=\"{&quot;jet_parallax_layout_list&quot;:[]}\">\n\t\t\t\t\t<div class=\"e-con-inner\">\n\t\t\t\t<div class=\"elementor-element elementor-element-c1b585a elementor-widget elementor-widget-spacer\" data-id=\"c1b585a\" data-element_type=\"widget\" data-widget_type=\"spacer.default\">\n\t\t\t\t\t\t\t<div class=\"elementor-spacer\">\n\t\t\t<div class=\"elementor-spacer-inner\"><\/div>\n\t\t<\/div>\n\t\t\t\t\t\t<\/div>\n\t\t\t\t<div class=\"elementor-element elementor-element-f46398e elementor-widget elementor-widget-heading\" data-id=\"f46398e\" data-element_type=\"widget\" data-widget_type=\"heading.default\">\n\t\t\t\t\t<h2 class=\"elementor-heading-title elementor-size-default\">Todas las Noticias<\/h2>\t\t\t\t<\/div>\n\t\t\t\t<div class=\"elementor-element elementor-element-81eca9d elementor-widget elementor-widget-spacer\" data-id=\"81eca9d\" data-element_type=\"widget\" data-widget_type=\"spacer.default\">\n\t\t\t\t\t\t\t<div class=\"elementor-spacer\">\n\t\t\t<div class=\"elementor-spacer-inner\"><\/div>\n\t\t<\/div>\n\t\t\t\t\t\t<\/div>\n\t\t\t\t<div class=\"elementor-element elementor-element-b36f222 elementor-grid-3 elementor-grid-tablet-2 elementor-grid-mobile-1 elementor-posts--thumbnail-top elementor-card-shadow-yes elementor-posts__hover-gradient elementor-widget elementor-widget-posts\" data-id=\"b36f222\" data-element_type=\"widget\" data-settings=\"{&quot;pagination_type&quot;:&quot;numbers_and_prev_next&quot;,&quot;cards_columns&quot;:&quot;3&quot;,&quot;cards_columns_tablet&quot;:&quot;2&quot;,&quot;cards_columns_mobile&quot;:&quot;1&quot;,&quot;cards_row_gap&quot;:{&quot;unit&quot;:&quot;px&quot;,&quot;size&quot;:35,&quot;sizes&quot;:[]},&quot;cards_row_gap_tablet&quot;:{&quot;unit&quot;:&quot;px&quot;,&quot;size&quot;:&quot;&quot;,&quot;sizes&quot;:[]},&quot;cards_row_gap_mobile&quot;:{&quot;unit&quot;:&quot;px&quot;,&quot;size&quot;:&quot;&quot;,&quot;sizes&quot;:[]}}\" data-widget_type=\"posts.cards\">\n\t\t\t\t<div class=\"elementor-widget-container\">\n\t\t\t\t\t\t\t<div class=\"elementor-posts-container elementor-posts elementor-posts--skin-cards elementor-grid\" role=\"list\">\n\t\t\t\t<article class=\"elementor-post elementor-grid-item post-49449 post type-post status-publish format-standard has-post-thumbnail hentry category-charlas category-eventos category-noticias tag-convenio tag-fiuna\" role=\"listitem\">\n\t\t\t<div class=\"elementor-post__card\">\n\t\t\t\t<a class=\"elementor-post__thumbnail__link\" href=\"https:\/\/fcquna.edu.py\/v3\/convenio-fiuna-y-fcq\/\" tabindex=\"-1\" ><div class=\"elementor-post__thumbnail\"><img decoding=\"async\" width=\"300\" height=\"141\" src=\"https:\/\/fcquna.edu.py\/v3\/wp-content\/uploads\/2026\/02\/banner-facu-1-300x141.webp\" class=\"attachment-medium size-medium wp-image-49393\" alt=\"\" srcset=\"https:\/\/fcquna.edu.py\/v3\/wp-content\/uploads\/2026\/02\/banner-facu-1-300x141.webp 300w, https:\/\/fcquna.edu.py\/v3\/wp-content\/uploads\/2026\/02\/banner-facu-1-1024x482.webp 1024w, https:\/\/fcquna.edu.py\/v3\/wp-content\/uploads\/2026\/02\/banner-facu-1-768x362.webp 768w, https:\/\/fcquna.edu.py\/v3\/wp-content\/uploads\/2026\/02\/banner-facu-1-1536x723.webp 1536w, https:\/\/fcquna.edu.py\/v3\/wp-content\/uploads\/2026\/02\/banner-facu-1.webp 1920w\" sizes=\"(max-width: 300px) 100vw, 300px\" \/><\/div><\/a>\n\t\t\t\t<div class=\"elementor-post__badge\">Charlas<\/div>\n\t\t\t\t<div class=\"elementor-post__text\">\n\t\t\t\t<h3 class=\"elementor-post__title\">\n\t\t\t<a href=\"https:\/\/fcquna.edu.py\/v3\/convenio-fiuna-y-fcq\/\" >\n\t\t\t\tConvenio Fiuna y FCQ\t\t\t<\/a>\n\t\t<\/h3>\n\t\t\n\t\t<a class=\"elementor-post__read-more\" href=\"https:\/\/fcquna.edu.py\/v3\/convenio-fiuna-y-fcq\/\" aria-label=\"Read more about Convenio Fiuna y FCQ\" tabindex=\"-1\" >\n\t\t\tLeer m\u00e1s \u00bb\t\t<\/a>\n\n\t\t\t\t<\/div>\n\t\t\t\t<div class=\"elementor-post__meta-data\">\n\t\t\t\t\t<span class=\"elementor-post-date\">\n\t\t\tFebruary 25, 2026\t\t<\/span>\n\t\t\t\t<span class=\"elementor-post-avatar\">\n\t\t\tNo Comments\t\t<\/span>\n\t\t\t\t<\/div>\n\t\t\t\t\t<\/div>\n\t\t<\/article>\n\t\t\t\t<article class=\"elementor-post elementor-grid-item post-53497 post type-post status-publish format-standard has-post-thumbnail hentry category-charlas category-eventos category-noticias tag-somos-fcq\" role=\"listitem\">\n\t\t\t<div class=\"elementor-post__card\">\n\t\t\t\t<a class=\"elementor-post__thumbnail__link\" href=\"https:\/\/fcquna.edu.py\/v3\/a%f0%9d%90%9d%f0%9d%90%a6%f0%9d%90%a2%f0%9d%90%ac%f0%9d%90%a2%f0%9d%90%a8%f0%9d%90%a7-%f0%9d%9f%90%f0%9d%9f%8e%f0%9d%9f%90%f0%9d%9f%94-%f0%9d%90%9e%f0%9d%90%a7-%f0%9d%90%a5%f0%9d%90%9a\/\" tabindex=\"-1\" ><div class=\"elementor-post__thumbnail\"><img fetchpriority=\"high\" decoding=\"async\" width=\"240\" height=\"300\" src=\"https:\/\/fcquna.edu.py\/v3\/wp-content\/uploads\/2026\/02\/29.01-Admision-240x300.jpeg\" class=\"attachment-medium size-medium wp-image-53498\" alt=\"\" srcset=\"https:\/\/fcquna.edu.py\/v3\/wp-content\/uploads\/2026\/02\/29.01-Admision-240x300.jpeg 240w, https:\/\/fcquna.edu.py\/v3\/wp-content\/uploads\/2026\/02\/29.01-Admision-820x1024.jpeg 820w, https:\/\/fcquna.edu.py\/v3\/wp-content\/uploads\/2026\/02\/29.01-Admision-768x959.jpeg 768w, https:\/\/fcquna.edu.py\/v3\/wp-content\/uploads\/2026\/02\/29.01-Admision-1230x1536.jpeg 1230w, https:\/\/fcquna.edu.py\/v3\/wp-content\/uploads\/2026\/02\/29.01-Admision.jpeg 1280w\" sizes=\"(max-width: 240px) 100vw, 240px\" \/><\/div><\/a>\n\t\t\t\t<div class=\"elementor-post__badge\">Charlas<\/div>\n\t\t\t\t<div class=\"elementor-post__text\">\n\t\t\t\t<h3 class=\"elementor-post__title\">\n\t\t\t<a href=\"https:\/\/fcquna.edu.py\/v3\/a%f0%9d%90%9d%f0%9d%90%a6%f0%9d%90%a2%f0%9d%90%ac%f0%9d%90%a2%f0%9d%90%a8%f0%9d%90%a7-%f0%9d%9f%90%f0%9d%9f%8e%f0%9d%9f%90%f0%9d%9f%94-%f0%9d%90%9e%f0%9d%90%a7-%f0%9d%90%a5%f0%9d%90%9a\/\" >\n\t\t\t\tA\ud835\udc1d\ud835\udc26\ud835\udc22\ud835\udc2c\ud835\udc22\ud835\udc28\u0301\ud835\udc27 \ud835\udfd0\ud835\udfce\ud835\udfd0\ud835\udfd4 \ud835\udc1e\ud835\udc27 \ud835\udc25\ud835\udc1a \ud835\udc05\ud835\udc02\ud835\udc10-\ud835\udc14\ud835\udc0d\ud835\udc00\t\t\t<\/a>\n\t\t<\/h3>\n\t\t\n\t\t<a class=\"elementor-post__read-more\" href=\"https:\/\/fcquna.edu.py\/v3\/a%f0%9d%90%9d%f0%9d%90%a6%f0%9d%90%a2%f0%9d%90%ac%f0%9d%90%a2%f0%9d%90%a8%f0%9d%90%a7-%f0%9d%9f%90%f0%9d%9f%8e%f0%9d%9f%90%f0%9d%9f%94-%f0%9d%90%9e%f0%9d%90%a7-%f0%9d%90%a5%f0%9d%90%9a\/\" aria-label=\"Read more about A\ud835\udc1d\ud835\udc26\ud835\udc22\ud835\udc2c\ud835\udc22\ud835\udc28\u0301\ud835\udc27 \ud835\udfd0\ud835\udfce\ud835\udfd0\ud835\udfd4 \ud835\udc1e\ud835\udc27 \ud835\udc25\ud835\udc1a \ud835\udc05\ud835\udc02\ud835\udc10-\ud835\udc14\ud835\udc0d\ud835\udc00\" tabindex=\"-1\" >\n\t\t\tLeer m\u00e1s \u00bb\t\t<\/a>\n\n\t\t\t\t<\/div>\n\t\t\t\t<div class=\"elementor-post__meta-data\">\n\t\t\t\t\t<span class=\"elementor-post-date\">\n\t\t\tJanuary 29, 2026\t\t<\/span>\n\t\t\t\t<span class=\"elementor-post-avatar\">\n\t\t\tNo Comments\t\t<\/span>\n\t\t\t\t<\/div>\n\t\t\t\t\t<\/div>\n\t\t<\/article>\n\t\t\t\t<article class=\"elementor-post elementor-grid-item post-53500 post type-post status-publish format-standard has-post-thumbnail hentry category-charlas category-eventos category-noticias tag-somos-fcq\" role=\"listitem\">\n\t\t\t<div class=\"elementor-post__card\">\n\t\t\t\t<a class=\"elementor-post__thumbnail__link\" href=\"https:\/\/fcquna.edu.py\/v3\/%f0%9d%90%8b%f0%9d%90%9a-%f0%9d%90%85%f0%9d%90%9a%f0%9d%90%9c%f0%9d%90%ae%f0%9d%90%a5%f0%9d%90%ad%f0%9d%90%9a%f0%9d%90%9d-%f0%9d%90%9d%f0%9d%90%9e-%f0%9d%90%82%f0%9d%90%a2%f0%9d%90%9e%f0%9d%90%a7-2\/\" tabindex=\"-1\" ><div class=\"elementor-post__thumbnail\"><img decoding=\"async\" width=\"300\" height=\"225\" src=\"https:\/\/fcquna.edu.py\/v3\/wp-content\/uploads\/2026\/02\/23.01-Emprend-Filial-300x225.jpeg\" class=\"attachment-medium size-medium wp-image-53501\" alt=\"\" srcset=\"https:\/\/fcquna.edu.py\/v3\/wp-content\/uploads\/2026\/02\/23.01-Emprend-Filial-300x225.jpeg 300w, https:\/\/fcquna.edu.py\/v3\/wp-content\/uploads\/2026\/02\/23.01-Emprend-Filial-1024x769.jpeg 1024w, https:\/\/fcquna.edu.py\/v3\/wp-content\/uploads\/2026\/02\/23.01-Emprend-Filial-768x577.jpeg 768w, https:\/\/fcquna.edu.py\/v3\/wp-content\/uploads\/2026\/02\/23.01-Emprend-Filial.jpeg 1156w\" sizes=\"(max-width: 300px) 100vw, 300px\" \/><\/div><\/a>\n\t\t\t\t<div class=\"elementor-post__badge\">Charlas<\/div>\n\t\t\t\t<div class=\"elementor-post__text\">\n\t\t\t\t<h3 class=\"elementor-post__title\">\n\t\t\t<a href=\"https:\/\/fcquna.edu.py\/v3\/%f0%9d%90%8b%f0%9d%90%9a-%f0%9d%90%85%f0%9d%90%9a%f0%9d%90%9c%f0%9d%90%ae%f0%9d%90%a5%f0%9d%90%ad%f0%9d%90%9a%f0%9d%90%9d-%f0%9d%90%9d%f0%9d%90%9e-%f0%9d%90%82%f0%9d%90%a2%f0%9d%90%9e%f0%9d%90%a7-2\/\" >\n\t\t\t\t\ud835\udc0b\ud835\udc1a \ud835\udc05\ud835\udc1a\ud835\udc1c\ud835\udc2e\ud835\udc25\ud835\udc2d\ud835\udc1a\ud835\udc1d \ud835\udc1d\ud835\udc1e \ud835\udc02\ud835\udc22\ud835\udc1e\ud835\udc27\ud835\udc1c\ud835\udc22\ud835\udc1a\ud835\udc2c \ud835\udc10\ud835\udc2e\ud835\udc22\u0301\ud835\udc26\ud835\udc22\ud835\udc1c\ud835\udc1a\ud835\udc2c \ud835\udc1f\ud835\udc28\ud835\udc2b\ud835\udc2d\ud835\udc1a\ud835\udc25\ud835\udc1e\ud835\udc1c\ud835\udc1e \ud835\udc1e\ud835\udc25 \ud835\udc2f\ud835\udc22\u0301\ud835\udc27\ud835\udc1c\ud835\udc2e\ud835\udc25\ud835\udc28 \ud835\udc1c\ud835\udc28\ud835\udc27 \ud835\udc1e\ud835\udc26\ud835\udc29\ud835\udc2b\ud835\udc1e\ud835\udc27\ud835\udc1d\ud835\udc1e\ud835\udc1d\ud835\udc28\ud835\udc2b\ud835\udc1a\ud835\udc2c \ud835\udc1d\ud835\udc1e \ud835\udc06\ud835\udc2e\ud835\udc1a\ud835\udc23\ud835\udc1a\ud835\udc32\ud835\udc2f\ud835\udc22\t\t\t<\/a>\n\t\t<\/h3>\n\t\t\n\t\t<a class=\"elementor-post__read-more\" href=\"https:\/\/fcquna.edu.py\/v3\/%f0%9d%90%8b%f0%9d%90%9a-%f0%9d%90%85%f0%9d%90%9a%f0%9d%90%9c%f0%9d%90%ae%f0%9d%90%a5%f0%9d%90%ad%f0%9d%90%9a%f0%9d%90%9d-%f0%9d%90%9d%f0%9d%90%9e-%f0%9d%90%82%f0%9d%90%a2%f0%9d%90%9e%f0%9d%90%a7-2\/\" aria-label=\"Read more about \ud835\udc0b\ud835\udc1a \ud835\udc05\ud835\udc1a\ud835\udc1c\ud835\udc2e\ud835\udc25\ud835\udc2d\ud835\udc1a\ud835\udc1d \ud835\udc1d\ud835\udc1e \ud835\udc02\ud835\udc22\ud835\udc1e\ud835\udc27\ud835\udc1c\ud835\udc22\ud835\udc1a\ud835\udc2c \ud835\udc10\ud835\udc2e\ud835\udc22\u0301\ud835\udc26\ud835\udc22\ud835\udc1c\ud835\udc1a\ud835\udc2c \ud835\udc1f\ud835\udc28\ud835\udc2b\ud835\udc2d\ud835\udc1a\ud835\udc25\ud835\udc1e\ud835\udc1c\ud835\udc1e \ud835\udc1e\ud835\udc25 \ud835\udc2f\ud835\udc22\u0301\ud835\udc27\ud835\udc1c\ud835\udc2e\ud835\udc25\ud835\udc28 \ud835\udc1c\ud835\udc28\ud835\udc27 \ud835\udc1e\ud835\udc26\ud835\udc29\ud835\udc2b\ud835\udc1e\ud835\udc27\ud835\udc1d\ud835\udc1e\ud835\udc1d\ud835\udc28\ud835\udc2b\ud835\udc1a\ud835\udc2c \ud835\udc1d\ud835\udc1e \ud835\udc06\ud835\udc2e\ud835\udc1a\ud835\udc23\ud835\udc1a\ud835\udc32\ud835\udc2f\ud835\udc22\" tabindex=\"-1\" >\n\t\t\tLeer m\u00e1s \u00bb\t\t<\/a>\n\n\t\t\t\t<\/div>\n\t\t\t\t<div class=\"elementor-post__meta-data\">\n\t\t\t\t\t<span class=\"elementor-post-date\">\n\t\t\tJanuary 23, 2026\t\t<\/span>\n\t\t\t\t<span class=\"elementor-post-avatar\">\n\t\t\tNo Comments\t\t<\/span>\n\t\t\t\t<\/div>\n\t\t\t\t\t<\/div>\n\t\t<\/article>\n\t\t\t\t<article class=\"elementor-post elementor-grid-item post-53503 post type-post status-publish format-standard has-post-thumbnail hentry category-noticias tag-somos-fcq\" role=\"listitem\">\n\t\t\t<div class=\"elementor-post__card\">\n\t\t\t\t<a class=\"elementor-post__thumbnail__link\" href=\"https:\/\/fcquna.edu.py\/v3\/%f0%9d%90%88%f0%9d%90%a7%f0%9d%90%a2%f0%9d%90%9c%f0%9d%90%a2%f0%9d%90%9a-%f0%9d%90%9e%f0%9d%90%a5-%f0%9d%90%9c%f0%9d%90%ae%f0%9d%90%ab%f0%9d%90%ac%f0%9d%90%a2%f0%9d%90%a5%f0%9d%90%a5%f0%9d%90%a8\/\" tabindex=\"-1\" ><div class=\"elementor-post__thumbnail\"><img loading=\"lazy\" decoding=\"async\" width=\"300\" height=\"200\" src=\"https:\/\/fcquna.edu.py\/v3\/wp-content\/uploads\/2026\/02\/05.01-Cursillo-scaled-1-300x200.jpg\" class=\"attachment-medium size-medium wp-image-53504\" alt=\"\" srcset=\"https:\/\/fcquna.edu.py\/v3\/wp-content\/uploads\/2026\/02\/05.01-Cursillo-scaled-1-300x200.jpg 300w, https:\/\/fcquna.edu.py\/v3\/wp-content\/uploads\/2026\/02\/05.01-Cursillo-scaled-1-1024x682.jpg 1024w, https:\/\/fcquna.edu.py\/v3\/wp-content\/uploads\/2026\/02\/05.01-Cursillo-scaled-1-768x512.jpg 768w, https:\/\/fcquna.edu.py\/v3\/wp-content\/uploads\/2026\/02\/05.01-Cursillo-scaled-1-1536x1023.jpg 1536w, https:\/\/fcquna.edu.py\/v3\/wp-content\/uploads\/2026\/02\/05.01-Cursillo-scaled-1-2048x1364.jpg 2048w\" sizes=\"(max-width: 300px) 100vw, 300px\" \/><\/div><\/a>\n\t\t\t\t<div class=\"elementor-post__badge\">Noticias<\/div>\n\t\t\t\t<div class=\"elementor-post__text\">\n\t\t\t\t<h3 class=\"elementor-post__title\">\n\t\t\t<a href=\"https:\/\/fcquna.edu.py\/v3\/%f0%9d%90%88%f0%9d%90%a7%f0%9d%90%a2%f0%9d%90%9c%f0%9d%90%a2%f0%9d%90%9a-%f0%9d%90%9e%f0%9d%90%a5-%f0%9d%90%9c%f0%9d%90%ae%f0%9d%90%ab%f0%9d%90%ac%f0%9d%90%a2%f0%9d%90%a5%f0%9d%90%a5%f0%9d%90%a8\/\" >\n\t\t\t\t\ud835\udc08\ud835\udc27\ud835\udc22\ud835\udc1c\ud835\udc22\ud835\udc1a \ud835\udc1e\ud835\udc25 \ud835\udc1c\ud835\udc2e\ud835\udc2b\ud835\udc2c\ud835\udc22\ud835\udc25\ud835\udc25\ud835\udc28 \ud835\udc22\ud835\udc27\ud835\udc2d\ud835\udc1e\ud835\udc27\ud835\udc2c\ud835\udc22\ud835\udc2f\ud835\udc28 \ud835\udc20\ud835\udc2b\ud835\udc1a\ud835\udc2d\ud835\udc2e\ud835\udc22\ud835\udc2d\ud835\udc28 \ud835\udc29\ud835\udc1a\ud835\udc2b\ud835\udc1a \ud835\udc1a\ud835\udc1c\ud835\udc1c\ud835\udc1e\ud835\udc1d\ud835\udc1e\ud835\udc2b \ud835\udc1a \ud835\udc25\ud835\udc1a\ud835\udc2c \ud835\udc01\ud835\udc1e\ud835\udc1c\ud835\udc1a\ud835\udc2c \ud835\udc1d\ud835\udc1e\ud835\udc25 \ud835\udc06\ud835\udc28\ud835\udc1b\ud835\udc22\ud835\udc1e\ud835\udc2b\ud835\udc27\ud835\udc28\ud835\udc08\ud835\udc27\ud835\udc22\ud835\udc1c\ud835\udc22\ud835\udc1a \ud835\udc1e\ud835\udc25 \ud835\udc1c\ud835\udc2e\ud835\udc2b\ud835\udc2c\ud835\udc22\ud835\udc25\ud835\udc25\ud835\udc28 \ud835\udc22\ud835\udc27\ud835\udc2d\ud835\udc1e\ud835\udc27\ud835\udc2c\ud835\udc22\ud835\udc2f\ud835\udc28 \ud835\udc20\ud835\udc2b\ud835\udc1a\ud835\udc2d\ud835\udc2e\ud835\udc22\ud835\udc2d\ud835\udc28 \ud835\udc29\ud835\udc1a\ud835\udc2b\ud835\udc1a \ud835\udc1a\ud835\udc1c\ud835\udc1c\ud835\udc1e\ud835\udc1d\ud835\udc1e\ud835\udc2b \ud835\udc1a \ud835\udc25\ud835\udc1a\ud835\udc2c \ud835\udc01\ud835\udc1e\ud835\udc1c\ud835\udc1a\ud835\udc2c \ud835\udc1d\ud835\udc1e\ud835\udc25 \ud835\udc06\ud835\udc28\ud835\udc1b\ud835\udc22\ud835\udc1e\ud835\udc2b\ud835\udc27\ud835\udc28\t\t\t<\/a>\n\t\t<\/h3>\n\t\t\n\t\t<a class=\"elementor-post__read-more\" href=\"https:\/\/fcquna.edu.py\/v3\/%f0%9d%90%88%f0%9d%90%a7%f0%9d%90%a2%f0%9d%90%9c%f0%9d%90%a2%f0%9d%90%9a-%f0%9d%90%9e%f0%9d%90%a5-%f0%9d%90%9c%f0%9d%90%ae%f0%9d%90%ab%f0%9d%90%ac%f0%9d%90%a2%f0%9d%90%a5%f0%9d%90%a5%f0%9d%90%a8\/\" aria-label=\"Read more about \ud835\udc08\ud835\udc27\ud835\udc22\ud835\udc1c\ud835\udc22\ud835\udc1a \ud835\udc1e\ud835\udc25 \ud835\udc1c\ud835\udc2e\ud835\udc2b\ud835\udc2c\ud835\udc22\ud835\udc25\ud835\udc25\ud835\udc28 \ud835\udc22\ud835\udc27\ud835\udc2d\ud835\udc1e\ud835\udc27\ud835\udc2c\ud835\udc22\ud835\udc2f\ud835\udc28 \ud835\udc20\ud835\udc2b\ud835\udc1a\ud835\udc2d\ud835\udc2e\ud835\udc22\ud835\udc2d\ud835\udc28 \ud835\udc29\ud835\udc1a\ud835\udc2b\ud835\udc1a \ud835\udc1a\ud835\udc1c\ud835\udc1c\ud835\udc1e\ud835\udc1d\ud835\udc1e\ud835\udc2b \ud835\udc1a \ud835\udc25\ud835\udc1a\ud835\udc2c \ud835\udc01\ud835\udc1e\ud835\udc1c\ud835\udc1a\ud835\udc2c \ud835\udc1d\ud835\udc1e\ud835\udc25 \ud835\udc06\ud835\udc28\ud835\udc1b\ud835\udc22\ud835\udc1e\ud835\udc2b\ud835\udc27\ud835\udc28\ud835\udc08\ud835\udc27\ud835\udc22\ud835\udc1c\ud835\udc22\ud835\udc1a \ud835\udc1e\ud835\udc25 \ud835\udc1c\ud835\udc2e\ud835\udc2b\ud835\udc2c\ud835\udc22\ud835\udc25\ud835\udc25\ud835\udc28 \ud835\udc22\ud835\udc27\ud835\udc2d\ud835\udc1e\ud835\udc27\ud835\udc2c\ud835\udc22\ud835\udc2f\ud835\udc28 \ud835\udc20\ud835\udc2b\ud835\udc1a\ud835\udc2d\ud835\udc2e\ud835\udc22\ud835\udc2d\ud835\udc28 \ud835\udc29\ud835\udc1a\ud835\udc2b\ud835\udc1a \ud835\udc1a\ud835\udc1c\ud835\udc1c\ud835\udc1e\ud835\udc1d\ud835\udc1e\ud835\udc2b \ud835\udc1a \ud835\udc25\ud835\udc1a\ud835\udc2c \ud835\udc01\ud835\udc1e\ud835\udc1c\ud835\udc1a\ud835\udc2c \ud835\udc1d\ud835\udc1e\ud835\udc25 \ud835\udc06\ud835\udc28\ud835\udc1b\ud835\udc22\ud835\udc1e\ud835\udc2b\ud835\udc27\ud835\udc28\" tabindex=\"-1\" >\n\t\t\tLeer m\u00e1s \u00bb\t\t<\/a>\n\n\t\t\t\t<\/div>\n\t\t\t\t<div class=\"elementor-post__meta-data\">\n\t\t\t\t\t<span class=\"elementor-post-date\">\n\t\t\tJanuary 5, 2026\t\t<\/span>\n\t\t\t\t<span class=\"elementor-post-avatar\">\n\t\t\tNo Comments\t\t<\/span>\n\t\t\t\t<\/div>\n\t\t\t\t\t<\/div>\n\t\t<\/article>\n\t\t\t\t<article class=\"elementor-post elementor-grid-item post-45028 post type-post status-publish format-standard has-post-thumbnail hentry category-investigacion category-noticias tag-somos-fcq\" role=\"listitem\">\n\t\t\t<div class=\"elementor-post__card\">\n\t\t\t\t<a class=\"elementor-post__thumbnail__link\" href=\"https:\/\/fcquna.edu.py\/v3\/%f0%9d%90%8e%f0%9d%90%ad%f0%9d%90%ab%f0%9d%90%9a-%f0%9d%90%9e%f0%9d%90%b1%f0%9d%90%a2%f0%9d%90%ad%f0%9d%90%a8%f0%9d%90%ac%f0%9d%90%9a-%f0%9d%90%9e%f0%9d%90%9d%f0%9d%90%a2%f0%9d%90%9c%f0%9d%90%a2\/\" tabindex=\"-1\" ><div class=\"elementor-post__thumbnail\"><img loading=\"lazy\" decoding=\"async\" width=\"300\" height=\"200\" src=\"https:\/\/fcquna.edu.py\/v3\/wp-content\/uploads\/2025\/06\/EXPOCARRERAS-scaled-1-300x200.jpg\" class=\"attachment-medium size-medium wp-image-45029\" alt=\"\" srcset=\"https:\/\/fcquna.edu.py\/v3\/wp-content\/uploads\/2025\/06\/EXPOCARRERAS-scaled-1-300x200.jpg 300w, https:\/\/fcquna.edu.py\/v3\/wp-content\/uploads\/2025\/06\/EXPOCARRERAS-scaled-1-1024x682.jpg 1024w, https:\/\/fcquna.edu.py\/v3\/wp-content\/uploads\/2025\/06\/EXPOCARRERAS-scaled-1-768x512.jpg 768w, https:\/\/fcquna.edu.py\/v3\/wp-content\/uploads\/2025\/06\/EXPOCARRERAS-scaled-1-1536x1024.jpg 1536w, https:\/\/fcquna.edu.py\/v3\/wp-content\/uploads\/2025\/06\/EXPOCARRERAS-scaled-1-2048x1365.jpg 2048w\" sizes=\"(max-width: 300px) 100vw, 300px\" \/><\/div><\/a>\n\t\t\t\t<div class=\"elementor-post__badge\">Investigaci\u00f3n<\/div>\n\t\t\t\t<div class=\"elementor-post__text\">\n\t\t\t\t<h3 class=\"elementor-post__title\">\n\t\t\t<a href=\"https:\/\/fcquna.edu.py\/v3\/%f0%9d%90%8e%f0%9d%90%ad%f0%9d%90%ab%f0%9d%90%9a-%f0%9d%90%9e%f0%9d%90%b1%f0%9d%90%a2%f0%9d%90%ad%f0%9d%90%a8%f0%9d%90%ac%f0%9d%90%9a-%f0%9d%90%9e%f0%9d%90%9d%f0%9d%90%a2%f0%9d%90%9c%f0%9d%90%a2\/\" >\n\t\t\t\tOtra exitosa edici\u00f3n de la Expo Carreras y las Jornadas de Puertas Abiertas en la FCQ-UNA\t\t\t<\/a>\n\t\t<\/h3>\n\t\t\n\t\t<a class=\"elementor-post__read-more\" href=\"https:\/\/fcquna.edu.py\/v3\/%f0%9d%90%8e%f0%9d%90%ad%f0%9d%90%ab%f0%9d%90%9a-%f0%9d%90%9e%f0%9d%90%b1%f0%9d%90%a2%f0%9d%90%ad%f0%9d%90%a8%f0%9d%90%ac%f0%9d%90%9a-%f0%9d%90%9e%f0%9d%90%9d%f0%9d%90%a2%f0%9d%90%9c%f0%9d%90%a2\/\" aria-label=\"Read more about Otra exitosa edici\u00f3n de la Expo Carreras y las Jornadas de Puertas Abiertas en la FCQ-UNA\" tabindex=\"-1\" >\n\t\t\tLeer m\u00e1s \u00bb\t\t<\/a>\n\n\t\t\t\t<\/div>\n\t\t\t\t<div class=\"elementor-post__meta-data\">\n\t\t\t\t\t<span class=\"elementor-post-date\">\n\t\t\tMay 23, 2025\t\t<\/span>\n\t\t\t\t<span class=\"elementor-post-avatar\">\n\t\t\tNo Comments\t\t<\/span>\n\t\t\t\t<\/div>\n\t\t\t\t\t<\/div>\n\t\t<\/article>\n\t\t\t\t<article class=\"elementor-post elementor-grid-item post-45026 post type-post status-publish format-standard has-post-thumbnail hentry category-noticias tag-somos-fcq\" role=\"listitem\">\n\t\t\t<div class=\"elementor-post__card\">\n\t\t\t\t<a class=\"elementor-post__thumbnail__link\" href=\"https:\/\/fcquna.edu.py\/v3\/%f0%9d%90%8b%f0%9d%90%9a-%f0%9d%90%84%f0%9d%90%b1%f0%9d%90%a9%f0%9d%90%a8-%f0%9d%90%82%f0%9d%90%93%f0%9d%90%80-%f0%9d%90%9c%f0%9d%90%ae%f0%9d%90%a6%f0%9d%90%a9%f0%9d%90%a5%f0%9d%90%9e-%f0%9d%9f%90\/\" tabindex=\"-1\" ><div class=\"elementor-post__thumbnail\"><img loading=\"lazy\" decoding=\"async\" width=\"300\" height=\"200\" src=\"https:\/\/fcquna.edu.py\/v3\/wp-content\/uploads\/2025\/06\/EXPO-CTA-scaled-1-300x200.jpg\" class=\"attachment-medium size-medium wp-image-45025\" alt=\"\" srcset=\"https:\/\/fcquna.edu.py\/v3\/wp-content\/uploads\/2025\/06\/EXPO-CTA-scaled-1-300x200.jpg 300w, https:\/\/fcquna.edu.py\/v3\/wp-content\/uploads\/2025\/06\/EXPO-CTA-scaled-1-1024x682.jpg 1024w, https:\/\/fcquna.edu.py\/v3\/wp-content\/uploads\/2025\/06\/EXPO-CTA-scaled-1-768x512.jpg 768w, https:\/\/fcquna.edu.py\/v3\/wp-content\/uploads\/2025\/06\/EXPO-CTA-scaled-1-1536x1024.jpg 1536w, https:\/\/fcquna.edu.py\/v3\/wp-content\/uploads\/2025\/06\/EXPO-CTA-scaled-1-2048x1365.jpg 2048w\" sizes=\"(max-width: 300px) 100vw, 300px\" \/><\/div><\/a>\n\t\t\t\t<div class=\"elementor-post__badge\">Noticias<\/div>\n\t\t\t\t<div class=\"elementor-post__text\">\n\t\t\t\t<h3 class=\"elementor-post__title\">\n\t\t\t<a href=\"https:\/\/fcquna.edu.py\/v3\/%f0%9d%90%8b%f0%9d%90%9a-%f0%9d%90%84%f0%9d%90%b1%f0%9d%90%a9%f0%9d%90%a8-%f0%9d%90%82%f0%9d%90%93%f0%9d%90%80-%f0%9d%90%9c%f0%9d%90%ae%f0%9d%90%a6%f0%9d%90%a9%f0%9d%90%a5%f0%9d%90%9e-%f0%9d%9f%90\/\" >\n\t\t\t\tLa Expo CTA cumple 20 a\u00f1os de realizaci\u00f3n en la Facultad de Ciencias Qu\u00edmicas de la UNA\t\t\t<\/a>\n\t\t<\/h3>\n\t\t\n\t\t<a class=\"elementor-post__read-more\" href=\"https:\/\/fcquna.edu.py\/v3\/%f0%9d%90%8b%f0%9d%90%9a-%f0%9d%90%84%f0%9d%90%b1%f0%9d%90%a9%f0%9d%90%a8-%f0%9d%90%82%f0%9d%90%93%f0%9d%90%80-%f0%9d%90%9c%f0%9d%90%ae%f0%9d%90%a6%f0%9d%90%a9%f0%9d%90%a5%f0%9d%90%9e-%f0%9d%9f%90\/\" aria-label=\"Read more about La Expo CTA cumple 20 a\u00f1os de realizaci\u00f3n en la Facultad de Ciencias Qu\u00edmicas de la UNA\" tabindex=\"-1\" >\n\t\t\tLeer m\u00e1s \u00bb\t\t<\/a>\n\n\t\t\t\t<\/div>\n\t\t\t\t<div class=\"elementor-post__meta-data\">\n\t\t\t\t\t<span class=\"elementor-post-date\">\n\t\t\tMay 16, 2025\t\t<\/span>\n\t\t\t\t<span class=\"elementor-post-avatar\">\n\t\t\tNo Comments\t\t<\/span>\n\t\t\t\t<\/div>\n\t\t\t\t\t<\/div>\n\t\t<\/article>\n\t\t\t\t<\/div>\n\t\t\n\t\t\t\t<div class=\"e-load-more-anchor\" data-page=\"1\" data-max-page=\"2\" data-next-page=\"https:\/\/fcquna.edu.py\/v3\/?e-page-b36f222=2\"><\/div>\n\t\t\t\t<nav class=\"elementor-pagination\" aria-label=\"Pagination\">\n\t\t\t<span class=\"page-numbers prev\">&laquo; Anterior<\/span>\n<span aria-current=\"page\" class=\"page-numbers current\"><span class=\"elementor-screen-only\">Page<\/span>1<\/span>\n<a class=\"page-numbers\" href=\"https:\/\/fcquna.edu.py\/v3\/wp-json\/wp\/v2\/pages\/48892\/?e-page-b36f222=2\"><span class=\"elementor-screen-only\">Page<\/span>2<\/a>\n<a class=\"page-numbers next\" href=\"https:\/\/fcquna.edu.py\/v3\/?e-page-b36f222=2\">Siguiente &raquo;<\/a>\t\t<\/nav>\n\t\t\t\t\t\t<\/div>\n\t\t\t\t<\/div>\n\t\t\t\t\t<\/div>\n\t\t\t\t<\/div>\n\t\t<div class=\"elementor-element elementor-element-20b31c6 e-flex e-con-boxed e-con e-parent\" data-id=\"20b31c6\" data-element_type=\"container\" data-settings=\"{&quot;jet_parallax_layout_list&quot;:[]}\">\n\t\t\t\t\t<div class=\"e-con-inner\">\n\t\t\t\t<div class=\"elementor-element elementor-element-e0955a6 elementor-widget elementor-widget-spacer\" data-id=\"e0955a6\" data-element_type=\"widget\" data-widget_type=\"spacer.default\">\n\t\t\t\t\t\t\t<div class=\"elementor-spacer\">\n\t\t\t<div class=\"elementor-spacer-inner\"><\/div>\n\t\t<\/div>\n\t\t\t\t\t\t<\/div>\n\t\t\t\t\t<\/div>\n\t\t\t\t<\/div>\n\t\t\t\t<\/div>\n\t\t","protected":false},"excerpt":{"rendered":"<p>Todas las Noticias<\/p>\n","protected":false},"author":1,"featured_media":0,"parent":0,"menu_order":0,"comment_status":"closed","ping_status":"closed","template":"elementor_header_footer","meta":{"footnotes":""},"class_list":["post-48892","page","type-page","status-publish","hentry"],"_links":{"self":[{"href":"https:\/\/fcquna.edu.py\/v3\/wp-json\/wp\/v2\/pages\/48892","targetHints":{"allow":["GET"]}}],"collection":[{"href":"https:\/\/fcquna.edu.py\/v3\/wp-json\/wp\/v2\/pages"}],"about":[{"href":"https:\/\/fcquna.edu.py\/v3\/wp-json\/wp\/v2\/types\/page"}],"author":[{"embeddable":true,"href":"https:\/\/fcquna.edu.py\/v3\/wp-json\/wp\/v2\/users\/1"}],"replies":[{"embeddable":true,"href":"https:\/\/fcquna.edu.py\/v3\/wp-json\/wp\/v2\/comments?post=48892"}],"version-history":[{"count":16,"href":"https:\/\/fcquna.edu.py\/v3\/wp-json\/wp\/v2\/pages\/48892\/revisions"}],"predecessor-version":[{"id":48910,"href":"https:\/\/fcquna.edu.py\/v3\/wp-json\/wp\/v2\/pages\/48892\/revisions\/48910"}],"wp:attachment":[{"href":"https:\/\/fcquna.edu.py\/v3\/wp-json\/wp\/v2\/media?parent=48892"}],"curies":[{"name":"wp","href":"https:\/\/api.w.org\/{rel}","templated":true}]}}