{"id":48478,"date":"2026-02-13T20:46:06","date_gmt":"2026-02-13T20:46:06","guid":{"rendered":"https:\/\/fcquna.edu.py\/v3\/?page_id=48478"},"modified":"2026-02-13T20:47:32","modified_gmt":"2026-02-13T20:47:32","slug":"autoridades","status":"publish","type":"page","link":"https:\/\/fcquna.edu.py\/v3\/institucional\/autoridades\/","title":{"rendered":"Autoridades"},"content":{"rendered":"\t\t<div data-elementor-type=\"wp-page\" data-elementor-id=\"48478\" class=\"elementor elementor-48478\" data-elementor-post-type=\"page\">\n\t\t\t\t<div class=\"elementor-element elementor-element-437961b e-flex e-con-boxed e-con e-parent\" data-id=\"437961b\" data-element_type=\"container\" data-settings=\"{&quot;jet_parallax_layout_list&quot;:[]}\">\n\t\t\t\t\t<div class=\"e-con-inner\">\n\t\t\t\t<div class=\"elementor-element elementor-element-63025ab elementor-widget elementor-widget-eael-breadcrumbs\" data-id=\"63025ab\" data-element_type=\"widget\" data-widget_type=\"eael-breadcrumbs.default\">\n\t\t\t\t<div class=\"elementor-widget-container\">\n\t\t\t\t\t\t\t<div class=\"eael-breadcrumbs\">\n\t\t\t<div class=\"eael-breadcrumbs__content\"><a href=\"https:\/\/fcquna.edu.py\/v3\">Inicio<\/a> <span class=\"eael-breadcrumb-separator\">\/<\/span> <span class = \"eael-current\">Page<\/span><\/div>\t\t<\/div>\n\t\t\t\t\t\t<\/div>\n\t\t\t\t<\/div>\n\t\t\t\t\t<\/div>\n\t\t\t\t<\/div>\n\t\t<div class=\"elementor-element elementor-element-a86a221 e-flex e-con-boxed e-con e-parent\" data-id=\"a86a221\" data-element_type=\"container\" data-settings=\"{&quot;jet_parallax_layout_list&quot;:[]}\">\n\t\t\t\t\t<div class=\"e-con-inner\">\n\t\t\t\t<div class=\"elementor-element elementor-element-6608ca9 elementor-widget elementor-widget-heading\" data-id=\"6608ca9\" data-element_type=\"widget\" data-widget_type=\"heading.default\">\n\t\t\t\t\t<h2 class=\"elementor-heading-title elementor-size-default\">Autoridades de la FCQ<\/h2>\t\t\t\t<\/div>\n\t\t\t\t<div class=\"elementor-element elementor-element-6aa628a elementor-widget elementor-widget-text-editor\" data-id=\"6aa628a\" data-element_type=\"widget\" data-widget_type=\"text-editor.default\">\n\t\t\t\t\t\t\t\t\t<h2 class=\"wp-block-heading\"><\/h2><figure class=\"wp-block-table\"><table class=\"has-fixed-layout\"><thead><tr><th>Consejo Directivo<\/th><\/tr><\/thead><tbody><tr><td><strong>DECANA y PRESIDENTA<\/strong><\/td><\/tr><tr><td>Prof. Lic. CYNTHIA SUSANA SAUCEDO DE SCHUPMANN<\/td><\/tr><tr><td><strong>VICEDECANA<\/strong><\/td><\/tr><tr><td>Prof. Dra. OLGA YOLANDA MACIEL DE SEGOVIA<\/td><\/tr><tr><td><strong>REPRESENTANTES DOCENTES TITULARES<\/strong><\/td><\/tr><tr><td>Prof. Dra. MARIA EUGENIA FLORES GIUBI.<br \/>Prof. Dra. MONICA BEATRIZ ATLASOVICH BESTARD.<br \/>Prof. M.Sc. KAREN PATRICIA MARTINEZ JARA.<br \/>\u00a0Prof. M.Sc. MARIA LAURA CORREA QUEVEDO.<br \/>Prof. Dra. LOURDES RAQUEL SAMANIEGO SILVA.<br \/>Prof. Dra. LAURA GRACIELA MERELES CEUPPENS<\/td><\/tr><tr><td><strong>REPRESENTANTES DOCENTES SUPLENTES<\/strong><\/td><\/tr><tr><td>Prof. B.C. LETICIA GRISELDA RUFFINELLI ARCE\u00a0\u00a0<br \/>Prof. M.Sc. DENHISSE VIVIANA GUILLEN DE VERA<br \/>Prof. Q.F. NILSA MERCEDES LIAL SAFI.<br \/>Prof. Dr. MARCOS ALCIDES COLMAN ISASI.<br \/>Prof. I.Q. ETHEL SIRIM ONIEVA FELTES.<br \/>Prof. M.Sc. SILVIA STELLA ARAUJO PINO.<\/td><\/tr><tr><td><strong>REPRESENTANTES GRADUADOS TITULARES<\/strong><\/td><\/tr><tr><td>Lic. FELIX VALOIS ARZAMENDIA CANTERO.<br \/>Dra. CARMEN ELIZABET TROCHE CABALLERO.<br \/>Lic. JULIO DANIEL OLMEDO TRINIDAD.<\/td><\/tr><tr><td><strong>REPRESENTANTES GRADUADOS SUPLENTES<\/strong><\/td><\/tr><tr><td>Lic. CYNDI STEPHANIE PAEZ AYALA.<br \/>I.Q. ENRIQUE NICOLAS MAIDANA BENITEZ.<br \/>Bioq. MARCELO EDUARDO CORONEL ESTIGARRIBIA.<\/td><\/tr><tr><td><strong>REPRESENTANTES ESTUDIANTILES TITULARES<\/strong><\/td><\/tr><tr><td>Univ. SOFIA MICHELE NU\u00d1EZ SANTACRUZ<br \/>Univ. ROBERTO GIULIANO HUESPE MEZA<br \/>Univ. FABRIZIO GABRIEL ENCISO CERFOGLIO<\/td><\/tr><tr><td><strong>REPRESENTANTES ESTUDIANTILES SUPLENTES<\/strong><\/td><\/tr><tr><td>Univ. MONTSERRAT SABAT\u00c9 DOM\u00cdNGUEZ.<br \/>Univ. GILDA ANALIA ACOSTA N\u00da\u00d1EZ.<br \/>Univ. CELSA LISSET MOLAS OVANDO.<\/td><\/tr><tr><td><strong>SECRETARIO DE LA FACULTAD Y DEL CONSEJO DIRECTIVO<\/strong><\/td><\/tr><tr><td>Lic. Abg. JUAN DIOSNEL CORVAL\u00c1N AG\u00dcERO.<\/td><\/tr><\/tbody><\/table><\/figure><h2 class=\"wp-block-heading\"> <\/h2><figure class=\"wp-block-table\"><table class=\"has-fixed-layout\"><thead><tr><th>Tribunal Electoral Independiente \u2013 TEI<\/th><th>\u00a0<\/th><\/tr><\/thead><tbody><tr><td><strong>Representantes Docentes<\/strong><br \/><strong>Titulares<\/strong><\/td><td>Prof. M.Sc. MYRIAM ALICIA GARCIA DE RIQUELME\u00a0<br \/>Prof. Dr. CARLOS DOMINGO MENDEZ GAONA<br \/>Prof. M.Sc. KARINA FABIOLA MEDINA<\/td><\/tr><tr><td><strong>Representantes Docentes<\/strong><br \/><strong>Suplentes<\/strong><\/td><td>Prof. I.Q. ROSA EUGENIA DEL VECCHIO MELZER.\u00a0\u00a0<br \/>Prof. I.A. F\u00c1TIMA IN\u00c9S D\u00cdAZ C\u00c1CERES.<br \/>Prof. Q.A. MAR\u00cdA YRENE CABALLERO MORENO<\/td><\/tr><tr><td><strong>Representante Graduado<\/strong><br \/><strong>Titular<\/strong><\/td><td>Dr. EDMUNDO CESAR GRANADA VILLALBA.<\/td><\/tr><tr><td><strong>Representante Graduado<\/strong><br \/><strong>Suplente<\/strong><\/td><td>Bioq. RUBEN DARIO PIZZURNO ZORRILLA.<\/td><\/tr><tr><td><strong>Representante Estudiantil<\/strong><br \/><strong>Titular<\/strong><\/td><td>Univ. ERNANI EMMANUEL RICARDI MONTIEL.<\/td><\/tr><tr><td><strong>Representante Estudiantil<\/strong><br \/><strong>Suplente<\/strong><\/td><td>Univ. BENJAM\u00cdN ADORNO PEREIRA.<\/td><\/tr><tr><td><strong>Secretario del TEI<\/strong><\/td><td>Lic. Abg. JUAN DIOSNEL CORVAL\u00c1N AG\u00dcERO.<\/td><\/tr><\/tbody><\/table><\/figure><h2 class=\"wp-block-heading\"> <\/h2><figure class=\"wp-block-table\"><table class=\"has-fixed-layout\"><thead><tr><th>Consejo Superior Universitario \u2013 CSU<\/th><th>\u00a0<\/th><\/tr><\/thead><tbody><tr><td><strong>Decana<\/strong><br \/><strong>Representante Titular<\/strong><\/td><td>Prof. Lic. CYNTHIA SUSANA SAUCEDO DE SCHUPMANN.<\/td><\/tr><tr><td><strong>Vicedecana<\/strong><br \/><strong>Representante Suplente<\/strong><\/td><td>Prof. Dra. OLGA YOLANDA MACIEL DE SEGOVIA.<\/td><\/tr><tr><td><strong>Representante Docente Titular<\/strong><\/td><td>Prof. B.C. NELSON ANDRES MARQUEZ ROA.<\/td><\/tr><tr><td><strong>Representante Docente Suplente<\/strong><\/td><td>Prof. Dr. JAVIER ENRIQUE BARUA CHAMORRO.<\/td><\/tr><tr><td><strong>Representante Graduado Titular<\/strong><\/td><td>B.C. JOS\u00c9 GUILLERMO PEREIRA BRUNELLI.<\/td><\/tr><tr><td><strong>Representante Graduado Suplente<\/strong><\/td><td>Lic. CLARA ANDREA DELEON FARI\u00d1A.<\/td><\/tr><tr><td><strong>Representante Estudiantil Titular<\/strong><\/td><td>Univ. LINDA VERONICA ESTHER DENIS IBARS.<\/td><\/tr><tr><td><strong>Representante Estudiantil Suplente<\/strong><\/td><td>Univ. GENIFER MELISSA FRANCO MIRANDA.<\/td><\/tr><\/tbody><\/table><\/figure><h2 class=\"wp-block-heading\"> <\/h2><figure class=\"wp-block-table\"><table class=\"has-fixed-layout\"><thead><tr><th>Asamblea Universitaria<\/th><th>\u00a0<\/th><\/tr><\/thead><tbody><tr><td><strong>Decana Representante Titular<\/strong><\/td><td>Prof. Lic. CYNTHIA SUSANA SAUCEDO DE SCHUPMANN.<\/td><\/tr><tr><td><strong>Vicedecana Representante Suplente<\/strong><\/td><td>Prof. Dra. OLGA YOLANDA MACIEL DE SEGOVIA.<\/td><\/tr><tr><td><strong>Representante Docente Titular<\/strong><\/td><td>Prof. Dra. SILVIA BEATRIZ CABALLERO SOTO.<\/td><\/tr><tr><td><strong>Representante Docente Suplente<\/strong><\/td><td>Prof. Dr. PABLO HERNAN SOTELO TORRES.<\/td><\/tr><tr><td><strong>Representante Graduado Titular<\/strong><\/td><td>Dr. DIONISIO SIMON ISASI GONZALEZ.<\/td><\/tr><tr><td><strong>Representante Graduado Suplente<\/strong><\/td><td>Bioq. AMILIANA BEATRIZ PINEDA FRETEZ.<\/td><\/tr><tr><td><strong>Representante Estudiantil Titular<\/strong><\/td><td>Univ. ELIANA COLMAN GONZALEZ.<\/td><\/tr><tr><td><strong>Representante Estudiantil \u2013 Suplente<\/strong><\/td><td>Univ. MAR\u00cdA LUJ\u00c1N ESCOBAR D\u00cdAZ<\/td><\/tr><\/tbody><\/table><\/figure><h2 class=\"wp-block-heading\"><\/h2>\t\t\t\t\t\t\t\t<\/div>\n\t\t\t\t\t<\/div>\n\t\t\t\t<\/div>\n\t\t<div class=\"elementor-element elementor-element-709ed7f e-flex e-con-boxed e-con e-parent\" data-id=\"709ed7f\" data-element_type=\"container\" data-settings=\"{&quot;jet_parallax_layout_list&quot;:[]}\">\n\t\t\t\t\t<div class=\"e-con-inner\">\n\t\t\t\t\t<\/div>\n\t\t\t\t<\/div>\n\t\t<div class=\"elementor-element elementor-element-a022213 e-flex e-con-boxed e-con e-parent\" data-id=\"a022213\" data-element_type=\"container\" data-settings=\"{&quot;jet_parallax_layout_list&quot;:[]}\">\n\t\t\t\t\t<div class=\"e-con-inner\">\n\t\t\t\t<div class=\"elementor-element elementor-element-0a19613 elementor-widget elementor-widget-spacer\" data-id=\"0a19613\" data-element_type=\"widget\" data-widget_type=\"spacer.default\">\n\t\t\t\t\t\t\t<div class=\"elementor-spacer\">\n\t\t\t<div class=\"elementor-spacer-inner\"><\/div>\n\t\t<\/div>\n\t\t\t\t\t\t<\/div>\n\t\t\t\t\t<\/div>\n\t\t\t\t<\/div>\n\t\t<div class=\"elementor-element elementor-element-f819e14 e-flex e-con-boxed e-con e-parent\" data-id=\"f819e14\" data-element_type=\"container\" data-settings=\"{&quot;jet_parallax_layout_list&quot;:[]}\">\n\t\t\t\t\t<div class=\"e-con-inner\">\n\t\t\t\t\t<\/div>\n\t\t\t\t<\/div>\n\t\t\t\t<\/div>\n\t\t","protected":false},"excerpt":{"rendered":"<p>Inicio \/ Page Autoridades de la FCQ Consejo Directivo DECANA y PRESIDENTA Prof. Lic. CYNTHIA SUSANA SAUCEDO DE SCHUPMANN VICEDECANA Prof. Dra. OLGA YOLANDA MACIEL DE SEGOVIA REPRESENTANTES DOCENTES TITULARES Prof. Dra. MARIA EUGENIA FLORES GIUBI.Prof. Dra. MONICA BEATRIZ ATLASOVICH BESTARD.Prof. M.Sc. KAREN PATRICIA MARTINEZ JARA.\u00a0Prof. M.Sc. MARIA LAURA CORREA QUEVEDO.Prof. Dra. LOURDES RAQUEL SAMANIEGO [&hellip;]<\/p>\n","protected":false},"author":1,"featured_media":0,"parent":9,"menu_order":0,"comment_status":"closed","ping_status":"closed","template":"elementor_header_footer","meta":{"footnotes":""},"class_list":["post-48478","page","type-page","status-publish","hentry"],"_links":{"self":[{"href":"https:\/\/fcquna.edu.py\/v3\/wp-json\/wp\/v2\/pages\/48478","targetHints":{"allow":["GET"]}}],"collection":[{"href":"https:\/\/fcquna.edu.py\/v3\/wp-json\/wp\/v2\/pages"}],"about":[{"href":"https:\/\/fcquna.edu.py\/v3\/wp-json\/wp\/v2\/types\/page"}],"author":[{"embeddable":true,"href":"https:\/\/fcquna.edu.py\/v3\/wp-json\/wp\/v2\/users\/1"}],"replies":[{"embeddable":true,"href":"https:\/\/fcquna.edu.py\/v3\/wp-json\/wp\/v2\/comments?post=48478"}],"version-history":[{"count":4,"href":"https:\/\/fcquna.edu.py\/v3\/wp-json\/wp\/v2\/pages\/48478\/revisions"}],"predecessor-version":[{"id":48482,"href":"https:\/\/fcquna.edu.py\/v3\/wp-json\/wp\/v2\/pages\/48478\/revisions\/48482"}],"up":[{"embeddable":true,"href":"https:\/\/fcquna.edu.py\/v3\/wp-json\/wp\/v2\/pages\/9"}],"wp:attachment":[{"href":"https:\/\/fcquna.edu.py\/v3\/wp-json\/wp\/v2\/media?parent=48478"}],"curies":[{"name":"wp","href":"https:\/\/api.w.org\/{rel}","templated":true}]}}