{"id":48272,"date":"2026-02-06T14:08:38","date_gmt":"2026-02-06T14:08:38","guid":{"rendered":"https:\/\/fcquna.edu.py\/v3\/?page_id=48272"},"modified":"2026-02-06T14:12:26","modified_gmt":"2026-02-06T14:12:26","slug":"gestion-de-la-informacion","status":"publish","type":"page","link":"https:\/\/fcquna.edu.py\/v3\/mecip\/gestion-de-la-informacion\/","title":{"rendered":"Gesti\u00f3n de la informaci\u00f3n"},"content":{"rendered":"\t\t<div data-elementor-type=\"wp-page\" data-elementor-id=\"48272\" class=\"elementor elementor-48272\" data-elementor-post-type=\"page\">\n\t\t\t\t<div class=\"elementor-element elementor-element-31561d8 e-flex e-con-boxed e-con e-parent\" data-id=\"31561d8\" data-element_type=\"container\" data-settings=\"{&quot;jet_parallax_layout_list&quot;:[]}\">\n\t\t\t\t\t<div class=\"e-con-inner\">\n\t\t\t\t<div class=\"elementor-element elementor-element-c7e8ede elementor-widget elementor-widget-eael-breadcrumbs\" data-id=\"c7e8ede\" data-element_type=\"widget\" data-widget_type=\"eael-breadcrumbs.default\">\n\t\t\t\t<div class=\"elementor-widget-container\">\n\t\t\t\t\t\t\t<div class=\"eael-breadcrumbs\">\n\t\t\t<div class=\"eael-breadcrumbs__content\"><a href=\"https:\/\/fcquna.edu.py\/v3\">Home<\/a> <span class=\"eael-breadcrumb-separator\">\/<\/span> <span class = \"eael-current\">Page<\/span><\/div>\t\t<\/div>\n\t\t\t\t\t\t<\/div>\n\t\t\t\t<\/div>\n\t\t\t\t\t<\/div>\n\t\t\t\t<\/div>\n\t\t<div class=\"elementor-element elementor-element-2af4904 e-flex e-con-boxed e-con e-parent\" data-id=\"2af4904\" data-element_type=\"container\" data-settings=\"{&quot;jet_parallax_layout_list&quot;:[]}\">\n\t\t\t\t\t<div class=\"e-con-inner\">\n\t\t\t\t<div class=\"elementor-element elementor-element-f7c505a elementor-widget elementor-widget-heading\" data-id=\"f7c505a\" data-element_type=\"widget\" data-widget_type=\"heading.default\">\n\t\t\t\t\t<h2 class=\"elementor-heading-title elementor-size-default\">Gesti\u00f3n de la informaci\u00f3n<\/h2>\t\t\t\t<\/div>\n\t\t\t\t\t<\/div>\n\t\t\t\t<\/div>\n\t\t<div class=\"elementor-element elementor-element-674dc5c e-flex e-con-boxed e-con e-parent\" data-id=\"674dc5c\" data-element_type=\"container\" data-settings=\"{&quot;jet_parallax_layout_list&quot;:[]}\">\n\t\t\t\t\t<div class=\"e-con-inner\">\n\t\t\t\t<div class=\"elementor-element elementor-element-9721684 elementor-widget elementor-widget-text-editor\" data-id=\"9721684\" data-element_type=\"widget\" data-widget_type=\"text-editor.default\">\n\t\t\t\t\t\t\t\t\t<table width=\"1498\">\n<tbody>\n<tr>\n<td colspan=\"2\" width=\"1498\"><a href=\"https:\/\/www.qui.una.py\/v2\/wp-content\/uploads\/Resolucion-N%C2%B0-0600-2025-Responsables-del-GDOC-Sistema-de-Gestion-de-Documentos.pdf\">Resoluci\u00f3n N\u00b0 0600\/2025 Fecha: 12\/05\/2025<\/a><\/td>\n<\/tr>\n<tr>\n<td colspan=\"2\" width=\"1498\">Por la cual se designa a los funcionarios responsables del registro, actualizaci\u00f3n y monitoreo peri\u00f3dico y efectivo del Sistema de Gesti\u00f3n de Documentos (GDOC) de la Facultad de Ciencias Qu\u00edmicas \u2013 UNA<\/td>\n<\/tr>\n\n<tr>\n<td colspan=\"2\"><a href=\"https:\/\/www.qui.una.py\/v2\/wp-content\/uploads\/Informe-de-Evaluacion-MECIP-_AUI-2024-1.pdf\">Informe de Evaluaci\u00f3n\u00a0de la Efectividad del Sistema de Control Interno _ Ejercicio Fiscal 2024<\/a><\/td>\n<\/tr>\n<tr>\n<td colspan=\"2\"><a href=\"https:\/\/www.qui.una.py\/v2\/wp-content\/uploads\/Matriz-de-Evaluacion-final-2024.pdf\">Matriz\u00a0de Evaluaci\u00f3n por Niveles de Madurez\u00a0_\u00a0\u00a0Ejercicio Fiscal 2024<\/a><\/td>\n<\/tr>\n<tr>\n<td colspan=\"2\"><a href=\"https:\/\/www.qui.una.py\/v2\/wp-content\/uploads\/RN%C2%B00770-2024-COMITE-EDITORIAL-DE-LA-REVISTA.pdf\">Resoluci\u00f3n N\u00b0 0770\/2024 fecha 09\/07\/2024<\/a><\/td>\n<\/tr>\n<tr>\n<td colspan=\"2\">Por la cual se actualiza los integrantes del Comit\u00e9 Editorial de la Revista \u201d SOMOS FCQ\u201d de la Facultad de Ciencias Qu\u00edmicas \u2013 UNA<\/td>\n<\/tr>\n<\/tbody>\n<\/table>\t\t\t\t\t\t\t\t<\/div>\n\t\t\t\t\t<\/div>\n\t\t\t\t<\/div>\n\t\t\t\t<\/div>\n\t\t","protected":false},"excerpt":{"rendered":"<p>Home \/ Page Gesti\u00f3n de la informaci\u00f3n Resoluci\u00f3n N\u00b0 0600\/2025 Fecha: 12\/05\/2025 Por la cual se designa a los funcionarios responsables del registro, actualizaci\u00f3n y monitoreo peri\u00f3dico y efectivo del Sistema de Gesti\u00f3n de Documentos (GDOC) de la Facultad de Ciencias Qu\u00edmicas \u2013 UNA Informe de Evaluaci\u00f3n\u00a0de la Efectividad del Sistema de Control Interno _ [&hellip;]<\/p>\n","protected":false},"author":1,"featured_media":0,"parent":45547,"menu_order":0,"comment_status":"closed","ping_status":"closed","template":"elementor_header_footer","meta":{"footnotes":""},"class_list":["post-48272","page","type-page","status-publish","hentry"],"_links":{"self":[{"href":"https:\/\/fcquna.edu.py\/v3\/wp-json\/wp\/v2\/pages\/48272","targetHints":{"allow":["GET"]}}],"collection":[{"href":"https:\/\/fcquna.edu.py\/v3\/wp-json\/wp\/v2\/pages"}],"about":[{"href":"https:\/\/fcquna.edu.py\/v3\/wp-json\/wp\/v2\/types\/page"}],"author":[{"embeddable":true,"href":"https:\/\/fcquna.edu.py\/v3\/wp-json\/wp\/v2\/users\/1"}],"replies":[{"embeddable":true,"href":"https:\/\/fcquna.edu.py\/v3\/wp-json\/wp\/v2\/comments?post=48272"}],"version-history":[{"count":7,"href":"https:\/\/fcquna.edu.py\/v3\/wp-json\/wp\/v2\/pages\/48272\/revisions"}],"predecessor-version":[{"id":48280,"href":"https:\/\/fcquna.edu.py\/v3\/wp-json\/wp\/v2\/pages\/48272\/revisions\/48280"}],"up":[{"embeddable":true,"href":"https:\/\/fcquna.edu.py\/v3\/wp-json\/wp\/v2\/pages\/45547"}],"wp:attachment":[{"href":"https:\/\/fcquna.edu.py\/v3\/wp-json\/wp\/v2\/media?parent=48272"}],"curies":[{"name":"wp","href":"https:\/\/api.w.org\/{rel}","templated":true}]}}