{"id":48248,"date":"2026-02-06T13:48:58","date_gmt":"2026-02-06T13:48:58","guid":{"rendered":"https:\/\/fcquna.edu.py\/v3\/?page_id=48248"},"modified":"2026-02-06T13:58:24","modified_gmt":"2026-02-06T13:58:24","slug":"competencia-formacion-y-toma-de-conciencia","status":"publish","type":"page","link":"https:\/\/fcquna.edu.py\/v3\/mecip\/competencia-formacion-y-toma-de-conciencia\/","title":{"rendered":"Competencia, formaci\u00f3n y toma de conciencia"},"content":{"rendered":"\t\t<div data-elementor-type=\"wp-page\" data-elementor-id=\"48248\" class=\"elementor elementor-48248\" data-elementor-post-type=\"page\">\n\t\t\t\t<div class=\"elementor-element elementor-element-31561d8 e-flex e-con-boxed e-con e-parent\" data-id=\"31561d8\" data-element_type=\"container\" data-settings=\"{&quot;jet_parallax_layout_list&quot;:[]}\">\n\t\t\t\t\t<div class=\"e-con-inner\">\n\t\t\t\t<div class=\"elementor-element elementor-element-c7e8ede elementor-widget elementor-widget-eael-breadcrumbs\" data-id=\"c7e8ede\" data-element_type=\"widget\" data-widget_type=\"eael-breadcrumbs.default\">\n\t\t\t\t<div class=\"elementor-widget-container\">\n\t\t\t\t\t\t\t<div class=\"eael-breadcrumbs\">\n\t\t\t<div class=\"eael-breadcrumbs__content\"><a href=\"https:\/\/fcquna.edu.py\/v3\">Home<\/a> <span class=\"eael-breadcrumb-separator\">\/<\/span> <span class = \"eael-current\">Page<\/span><\/div>\t\t<\/div>\n\t\t\t\t\t\t<\/div>\n\t\t\t\t<\/div>\n\t\t\t\t\t<\/div>\n\t\t\t\t<\/div>\n\t\t<div class=\"elementor-element elementor-element-2af4904 e-flex e-con-boxed e-con e-parent\" data-id=\"2af4904\" data-element_type=\"container\" data-settings=\"{&quot;jet_parallax_layout_list&quot;:[]}\">\n\t\t\t\t\t<div class=\"e-con-inner\">\n\t\t\t\t<div class=\"elementor-element elementor-element-f7c505a elementor-widget elementor-widget-heading\" data-id=\"f7c505a\" data-element_type=\"widget\" data-widget_type=\"heading.default\">\n\t\t\t\t\t<h2 class=\"elementor-heading-title elementor-size-default\">Competencia, formaci\u00f3n y toma de conciencia<\/h2>\t\t\t\t<\/div>\n\t\t\t\t\t<\/div>\n\t\t\t\t<\/div>\n\t\t<div class=\"elementor-element elementor-element-674dc5c e-flex e-con-boxed e-con e-parent\" data-id=\"674dc5c\" data-element_type=\"container\" data-settings=\"{&quot;jet_parallax_layout_list&quot;:[]}\">\n\t\t\t\t\t<div class=\"e-con-inner\">\n\t\t\t\t<div class=\"elementor-element elementor-element-9721684 elementor-widget elementor-widget-text-editor\" data-id=\"9721684\" data-element_type=\"widget\" data-widget_type=\"text-editor.default\">\n\t\t\t\t\t\t\t\t\t<table width=\"1411\"><tbody><tr><td width=\"1411\"><a href=\"https:\/\/www.qui.una.py\/v2\/wp-content\/uploads\/Res.1832-2025-Matriz-de-Polifuncionalidad-.pdf\" target=\"_blank\" rel=\"noopener\">Resoluci\u00f3n N\u00b0 1832\/2025 Fecha: 24\/11\/2025<\/a><\/td><\/tr><tr><td>Por la cual se aprueba la\u00a0Matriz\u00a0de Polifuncionalidad \u2013 2025 de la Facultad de Ciencias\u00a0Qu\u00edmicas \u2013 UNA<\/td><\/tr><tr><td><a href=\"https:\/\/www.qui.una.py\/v2\/wp-content\/uploads\/Resolucion-No-1019_2025-Conformacion-de-Evaluacion-de-Desempeno.pdf\" target=\"_blank\" rel=\"noopener\">Resoluci\u00f3n N\u00b0 1019\/2025\u00a0 Fecha: 30\/06\/2025<\/a><\/td><\/tr><tr><td>Por la cual se conforma la Comisi\u00f3n de Evaluaci\u00f3n de Desempe\u00f1o del primer y segundo semestre 2025 de la Facultad de Ciencias\u00a0\u00a0Qu\u00edmicas \u2013 UNA<\/td><\/tr><tr><td><a href=\"https:\/\/www.qui.una.py\/v2\/wp-content\/uploads\/Resolucion-No-0003-2025_-Matriz-de-Polifuncionalidad-2024.pdf\" target=\"_blank\" rel=\"noopener\">Resoluci\u00f3n N\u00b0 0003\/2025 Fecha: 06\/01\/2025<\/a><\/td><\/tr><tr><td>Por la cual se aprueba la Matriz de Polifuncionalidad \u2013 2024 de la Facultad de Ciencias\u00a0Qu\u00edmicas \u2013 UNA<\/td><\/tr><tr><td><a href=\"https:\/\/www.qui.una.py\/v2\/wp-content\/uploads\/Resolucion-No-1882-2024_Plan-de-Formacion-y-Capacitacion.pdf\" target=\"_blank\" rel=\"noopener\">Resoluci\u00f3n N\u00b0 1882\/2024 Fecha: 26\/12\/2024<\/a><\/td><\/tr><tr><td>Por la cual se se aprueba el Plan de Formaci\u00f3n y Capacitaci\u00f3n de la Direcci\u00f3n de Gesti\u00f3n y Desarrollo del Talento Humano de la Facultad de Ciencias Qu\u00edmicas \u2013 UNA<\/td><\/tr><tr><td><a href=\"https:\/\/www.qui.una.py\/v2\/wp-content\/uploads\/Resolucion-No8679-2024-Reglamento-de-Trabajo.pdf\" target=\"_blank\" rel=\"noopener\">Acta N\u00b0 1347 Fecha: 27\/08\/2024 Resoluci\u00f3n N\u00ba 8679-00-2024<\/a><\/td><\/tr><tr><td>Por la cual se aprueba el Reglamento de Trabajo y del R\u00e9gimen Disciplinario de docentes, funcionarios permanentes administrativos, funcionarios comisionados y funcionarios contratados de la Facultad de Ciencias\u00a0Qu\u00edmicas \u2013 UNA<\/td><\/tr><tr><td><a href=\"https:\/\/www.qui.una.py\/v2\/wp-content\/uploads\/Res.1532-2023-Matriz-de-Polifuncionalidad-1.pdf\" target=\"_blank\" rel=\"noopener\">Resoluci\u00f3n N\u00b0 1532\/2023\u00a0Fecha: 18\/12\/2023<\/a><\/td><\/tr><tr><td>Por la cual se aprueba la Matriz de Polifuncionalidad de la Facultad de Ciencias\u00a0Qu\u00edmicas \u2013 UNA<\/td><\/tr><tr><td><a href=\"https:\/\/www.qui.una.py\/v2\/wp-content\/uploads\/resol-matriz-de-polif-2022-1.pdf\" target=\"_blank\" rel=\"noopener\">Resoluci\u00f3n N\u00b0 0716\/2022\u00a0Fecha: 12\/08\/2022\u00a0<\/a><\/td><\/tr><tr><td>Por la cual se aprueba la Matriz de Polifuncionalidad de la Facultad de Ciencias\u00a0Qu\u00edmicas \u2013 UNA<\/td><\/tr><\/tbody><\/table>\t\t\t\t\t\t\t\t<\/div>\n\t\t\t\t\t<\/div>\n\t\t\t\t<\/div>\n\t\t\t\t<\/div>\n\t\t","protected":false},"excerpt":{"rendered":"<p>Home \/ Page Competencia, formaci\u00f3n y toma de conciencia Resoluci\u00f3n N\u00b0 1832\/2025 Fecha: 24\/11\/2025 Por la cual se aprueba la\u00a0Matriz\u00a0de Polifuncionalidad \u2013 2025 de la Facultad de Ciencias\u00a0Qu\u00edmicas \u2013 UNA Resoluci\u00f3n N\u00b0 1019\/2025\u00a0 Fecha: 30\/06\/2025 Por la cual se conforma la Comisi\u00f3n de Evaluaci\u00f3n de Desempe\u00f1o del primer y segundo semestre 2025 de la Facultad [&hellip;]<\/p>\n","protected":false},"author":1,"featured_media":0,"parent":45547,"menu_order":0,"comment_status":"closed","ping_status":"closed","template":"elementor_header_footer","meta":{"footnotes":""},"class_list":["post-48248","page","type-page","status-publish","hentry"],"_links":{"self":[{"href":"https:\/\/fcquna.edu.py\/v3\/wp-json\/wp\/v2\/pages\/48248","targetHints":{"allow":["GET"]}}],"collection":[{"href":"https:\/\/fcquna.edu.py\/v3\/wp-json\/wp\/v2\/pages"}],"about":[{"href":"https:\/\/fcquna.edu.py\/v3\/wp-json\/wp\/v2\/types\/page"}],"author":[{"embeddable":true,"href":"https:\/\/fcquna.edu.py\/v3\/wp-json\/wp\/v2\/users\/1"}],"replies":[{"embeddable":true,"href":"https:\/\/fcquna.edu.py\/v3\/wp-json\/wp\/v2\/comments?post=48248"}],"version-history":[{"count":13,"href":"https:\/\/fcquna.edu.py\/v3\/wp-json\/wp\/v2\/pages\/48248\/revisions"}],"predecessor-version":[{"id":48262,"href":"https:\/\/fcquna.edu.py\/v3\/wp-json\/wp\/v2\/pages\/48248\/revisions\/48262"}],"up":[{"embeddable":true,"href":"https:\/\/fcquna.edu.py\/v3\/wp-json\/wp\/v2\/pages\/45547"}],"wp:attachment":[{"href":"https:\/\/fcquna.edu.py\/v3\/wp-json\/wp\/v2\/media?parent=48248"}],"curies":[{"name":"wp","href":"https:\/\/api.w.org\/{rel}","templated":true}]}}