{"id":47263,"date":"2025-12-02T18:58:48","date_gmt":"2025-12-02T18:58:48","guid":{"rendered":"https:\/\/fcquna.edu.py\/v3\/?page_id=47263"},"modified":"2025-12-03T14:49:17","modified_gmt":"2025-12-03T14:49:17","slug":"doctorados-2","status":"publish","type":"page","link":"https:\/\/fcquna.edu.py\/v3\/postgrado-2\/doctorados-2\/","title":{"rendered":"Doctorados"},"content":{"rendered":"\t\t<div data-elementor-type=\"wp-page\" data-elementor-id=\"47263\" class=\"elementor elementor-47263\" data-elementor-post-type=\"page\">\n\t\t\t\t<div class=\"elementor-element elementor-element-437961b e-flex e-con-boxed e-con e-parent\" data-id=\"437961b\" data-element_type=\"container\" data-settings=\"{&quot;jet_parallax_layout_list&quot;:[]}\">\n\t\t\t\t\t<div class=\"e-con-inner\">\n\t\t\t\t<div class=\"elementor-element elementor-element-63025ab elementor-widget elementor-widget-eael-breadcrumbs\" data-id=\"63025ab\" data-element_type=\"widget\" data-widget_type=\"eael-breadcrumbs.default\">\n\t\t\t\t<div class=\"elementor-widget-container\">\n\t\t\t\t\t\t\t<div class=\"eael-breadcrumbs\">\n\t\t\t<div class=\"eael-breadcrumbs__content\"><a href=\"https:\/\/fcquna.edu.py\/v3\">Home<\/a> <span class=\"eael-breadcrumb-separator\">\/<\/span> <span class = \"eael-current\">Page<\/span><\/div>\t\t<\/div>\n\t\t\t\t\t\t<\/div>\n\t\t\t\t<\/div>\n\t\t\t\t\t<\/div>\n\t\t\t\t<\/div>\n\t\t<div class=\"elementor-element elementor-element-a86a221 e-flex e-con-boxed e-con e-parent\" data-id=\"a86a221\" data-element_type=\"container\" data-settings=\"{&quot;jet_parallax_layout_list&quot;:[]}\">\n\t\t\t\t\t<div class=\"e-con-inner\">\n\t\t\t\t<div class=\"elementor-element elementor-element-6608ca9 elementor-widget elementor-widget-heading\" data-id=\"6608ca9\" data-element_type=\"widget\" data-widget_type=\"heading.default\">\n\t\t\t\t\t<h2 class=\"elementor-heading-title elementor-size-default\">Doctorados de Postgrado<\/h2>\t\t\t\t<\/div>\n\t\t\t\t<div class=\"elementor-element elementor-element-7e0bee8 elementor-widget__width-initial elementor-widget elementor-widget-text-editor\" data-id=\"7e0bee8\" data-element_type=\"widget\" data-widget_type=\"text-editor.default\">\n\t\t\t\t\t\t\t\t\t<p>Los programas de Doctorados de la FCQ-UNA implican el reconocimiento de la excelencia investigadora, traducida en un nuevo aporte para la comunidad cient\u00edfica. El mismo se basa en el aprendizaje te\u00f3rico, pr\u00e1ctico y en la aplicaci\u00f3n de los conocimientos, con rigor cient\u00edfico, con el objeto de llevar a cabo en forma independiente un trabajo de investigaci\u00f3n original\u201d<\/p>\t\t\t\t\t\t\t\t<\/div>\n\t\t\t\t\t<\/div>\n\t\t\t\t<\/div>\n\t\t<div class=\"elementor-element elementor-element-709ed7f e-flex e-con-boxed e-con e-parent\" data-id=\"709ed7f\" data-element_type=\"container\" data-settings=\"{&quot;jet_parallax_layout_list&quot;:[]}\">\n\t\t\t\t\t<div class=\"e-con-inner\">\n\t\t\t\t\t<\/div>\n\t\t\t\t<\/div>\n\t\t<div class=\"elementor-element elementor-element-41ba405 e-grid e-con-boxed e-con e-parent\" data-id=\"41ba405\" data-element_type=\"container\" data-settings=\"{&quot;jet_parallax_layout_list&quot;:[]}\">\n\t\t\t\t\t<div class=\"e-con-inner\">\n\t\t<div class=\"elementor-element elementor-element-144ad05 e-con-full e-flex e-con e-child\" data-id=\"144ad05\" data-element_type=\"container\" data-settings=\"{&quot;background_background&quot;:&quot;classic&quot;,&quot;jet_parallax_layout_list&quot;:[]}\">\n\t\t<div class=\"elementor-element elementor-element-53958b8 e-con-full e-flex e-con e-child\" data-id=\"53958b8\" data-element_type=\"container\" data-settings=\"{&quot;jet_parallax_layout_list&quot;:[]}\">\n\t\t\t\t<div class=\"elementor-element elementor-element-f7e8ef6 elementor-widget__width-inherit elementor-widget elementor-widget-text-editor\" data-id=\"f7e8ef6\" data-element_type=\"widget\" data-widget_type=\"text-editor.default\">\n\t\t\t\t\t\t\t\t\t<p>Duraci\u00f3n: 1 a\u00f1o<\/p>\t\t\t\t\t\t\t\t<\/div>\n\t\t\t\t<div class=\"elementor-element elementor-element-3ebfb13 elementor-widget__width-initial elementor-widget elementor-widget-text-editor\" data-id=\"3ebfb13\" data-element_type=\"widget\" data-widget_type=\"text-editor.default\">\n\t\t\t\t\t\t\t\t\t<p>Semi presencial<\/p>\t\t\t\t\t\t\t\t<\/div>\n\t\t\t\t<\/div>\n\t\t\t\t<div class=\"elementor-element elementor-element-d186e03 elementor-widget__width-initial elementor-widget elementor-widget-heading\" data-id=\"d186e03\" data-element_type=\"widget\" data-widget_type=\"heading.default\">\n\t\t\t\t\t<h3 class=\"elementor-heading-title elementor-size-default\"><a href=\"https:\/\/fcquna.edu.py\/v3\/postgrado-2\/especializaciones\/farmacia-clinica-y-atencion-farmaceutica\">Doctorado en Ciencias Farmac\u00e9uticas<\/a><\/h3>\t\t\t\t<\/div>\n\t\t\t\t<\/div>\n\t\t<div class=\"elementor-element elementor-element-8e16c84 e-con-full e-flex e-con e-child\" data-id=\"8e16c84\" data-element_type=\"container\" data-settings=\"{&quot;background_background&quot;:&quot;classic&quot;,&quot;jet_parallax_layout_list&quot;:[]}\">\n\t\t<div class=\"elementor-element elementor-element-d693ae1 e-con-full e-flex e-con e-child\" data-id=\"d693ae1\" data-element_type=\"container\" data-settings=\"{&quot;jet_parallax_layout_list&quot;:[]}\">\n\t\t\t\t<div class=\"elementor-element elementor-element-71746a5 elementor-widget__width-inherit elementor-widget elementor-widget-text-editor\" data-id=\"71746a5\" data-element_type=\"widget\" data-widget_type=\"text-editor.default\">\n\t\t\t\t\t\t\t\t\t<p>Duraci\u00f3n: 1 a\u00f1o<\/p>\t\t\t\t\t\t\t\t<\/div>\n\t\t\t\t<div class=\"elementor-element elementor-element-da5b06f elementor-widget__width-initial elementor-widget elementor-widget-text-editor\" data-id=\"da5b06f\" data-element_type=\"widget\" data-widget_type=\"text-editor.default\">\n\t\t\t\t\t\t\t\t\t<p>Semi presencial<\/p>\t\t\t\t\t\t\t\t<\/div>\n\t\t\t\t<\/div>\n\t\t\t\t<div class=\"elementor-element elementor-element-e14eaa9 elementor-widget__width-initial elementor-widget elementor-widget-heading\" data-id=\"e14eaa9\" data-element_type=\"widget\" data-widget_type=\"heading.default\">\n\t\t\t\t\t<h3 class=\"elementor-heading-title elementor-size-default\"><a href=\"https:\/\/fcquna.edu.py\/v3\/postgrado-2\/especializaciones\/farmacia-clinica-y-atencion-farmaceutica\">Doctorado en Ciencias de los Alimentos<\/a><\/h3>\t\t\t\t<\/div>\n\t\t\t\t<\/div>\n\t\t\t\t\t<\/div>\n\t\t\t\t<\/div>\n\t\t<div class=\"elementor-element elementor-element-a022213 e-flex e-con-boxed e-con e-parent\" data-id=\"a022213\" data-element_type=\"container\" data-settings=\"{&quot;jet_parallax_layout_list&quot;:[]}\">\n\t\t\t\t\t<div class=\"e-con-inner\">\n\t\t\t\t<div class=\"elementor-element elementor-element-0a19613 elementor-widget elementor-widget-spacer\" data-id=\"0a19613\" data-element_type=\"widget\" data-widget_type=\"spacer.default\">\n\t\t\t\t\t\t\t<div class=\"elementor-spacer\">\n\t\t\t<div class=\"elementor-spacer-inner\"><\/div>\n\t\t<\/div>\n\t\t\t\t\t\t<\/div>\n\t\t\t\t\t<\/div>\n\t\t\t\t<\/div>\n\t\t<div class=\"elementor-element elementor-element-f819e14 e-flex e-con-boxed e-con e-parent\" data-id=\"f819e14\" data-element_type=\"container\" data-settings=\"{&quot;jet_parallax_layout_list&quot;:[]}\">\n\t\t\t\t\t<div class=\"e-con-inner\">\n\t\t\t\t\t<\/div>\n\t\t\t\t<\/div>\n\t\t\t\t<\/div>\n\t\t","protected":false},"excerpt":{"rendered":"<p>Home \/ Page Doctorados de Postgrado Los programas de Doctorados de la FCQ-UNA implican el reconocimiento de la excelencia investigadora, traducida en un nuevo aporte para la comunidad cient\u00edfica. El mismo se basa en el aprendizaje te\u00f3rico, pr\u00e1ctico y en la aplicaci\u00f3n de los conocimientos, con rigor cient\u00edfico, con el objeto de llevar a cabo [&hellip;]<\/p>\n","protected":false},"author":1,"featured_media":0,"parent":45205,"menu_order":0,"comment_status":"closed","ping_status":"closed","template":"elementor_header_footer","meta":{"footnotes":""},"class_list":["post-47263","page","type-page","status-publish","hentry"],"_links":{"self":[{"href":"https:\/\/fcquna.edu.py\/v3\/wp-json\/wp\/v2\/pages\/47263","targetHints":{"allow":["GET"]}}],"collection":[{"href":"https:\/\/fcquna.edu.py\/v3\/wp-json\/wp\/v2\/pages"}],"about":[{"href":"https:\/\/fcquna.edu.py\/v3\/wp-json\/wp\/v2\/types\/page"}],"author":[{"embeddable":true,"href":"https:\/\/fcquna.edu.py\/v3\/wp-json\/wp\/v2\/users\/1"}],"replies":[{"embeddable":true,"href":"https:\/\/fcquna.edu.py\/v3\/wp-json\/wp\/v2\/comments?post=47263"}],"version-history":[{"count":19,"href":"https:\/\/fcquna.edu.py\/v3\/wp-json\/wp\/v2\/pages\/47263\/revisions"}],"predecessor-version":[{"id":47294,"href":"https:\/\/fcquna.edu.py\/v3\/wp-json\/wp\/v2\/pages\/47263\/revisions\/47294"}],"up":[{"embeddable":true,"href":"https:\/\/fcquna.edu.py\/v3\/wp-json\/wp\/v2\/pages\/45205"}],"wp:attachment":[{"href":"https:\/\/fcquna.edu.py\/v3\/wp-json\/wp\/v2\/media?parent=47263"}],"curies":[{"name":"wp","href":"https:\/\/api.w.org\/{rel}","templated":true}]}}