{"id":46345,"date":"2025-11-21T15:29:20","date_gmt":"2025-11-21T15:29:20","guid":{"rendered":"https:\/\/fcquna.edu.py\/v3\/?page_id=46345"},"modified":"2025-11-21T16:17:45","modified_gmt":"2025-11-21T16:17:45","slug":"laboratorio-de-alimentos","status":"publish","type":"page","link":"https:\/\/fcquna.edu.py\/v3\/centro-tecnologico-quimico\/servicios-ctq-2\/laboratorio-de-alimentos\/","title":{"rendered":"Laboratorio de Alimentos"},"content":{"rendered":"\t\t<div data-elementor-type=\"wp-page\" data-elementor-id=\"46345\" class=\"elementor elementor-46345\" data-elementor-post-type=\"page\">\n\t\t\t\t<div class=\"elementor-element elementor-element-08c5195 e-flex e-con-boxed e-con e-parent\" data-id=\"08c5195\" data-element_type=\"container\" data-settings=\"{&quot;background_background&quot;:&quot;slideshow&quot;,&quot;background_slideshow_gallery&quot;:[{&quot;id&quot;:46348,&quot;url&quot;:&quot;https:\\\/\\\/fcquna.edu.py\\\/v3\\\/wp-content\\\/uploads\\\/2025\\\/11\\\/banner-alimentos.jpg&quot;}],&quot;jet_parallax_layout_list&quot;:[],&quot;background_slideshow_loop&quot;:&quot;yes&quot;,&quot;background_slideshow_slide_duration&quot;:5000,&quot;background_slideshow_slide_transition&quot;:&quot;fade&quot;,&quot;background_slideshow_transition_duration&quot;:500}\">\n\t\t\t\t\t<div class=\"e-con-inner\">\n\t\t<div class=\"elementor-element elementor-element-8a9a0cd e-con-full e-flex e-con e-child\" data-id=\"8a9a0cd\" data-element_type=\"container\" data-settings=\"{&quot;jet_parallax_layout_list&quot;:[]}\">\n\t\t<div class=\"elementor-element elementor-element-afe356d e-flex e-con-boxed e-con e-child\" data-id=\"afe356d\" data-element_type=\"container\" data-settings=\"{&quot;jet_parallax_layout_list&quot;:[]}\">\n\t\t\t\t\t<div class=\"e-con-inner\">\n\t\t<div class=\"elementor-element elementor-element-d41fdd3 e-grid e-con-full e-con e-child\" data-id=\"d41fdd3\" data-element_type=\"container\" data-settings=\"{&quot;jet_parallax_layout_list&quot;:[]}\">\n\t\t\t\t<div class=\"elementor-element elementor-element-99db120 elementor-widget elementor-widget-text-editor\" data-id=\"99db120\" data-element_type=\"widget\" data-widget_type=\"text-editor.default\">\n\t\t\t\t\t\t\t\t\t<h2><strong>Laboratorio de Alimentos<\/strong><\/h2>\t\t\t\t\t\t\t\t<\/div>\n\t\t\t\t<\/div>\n\t\t\t\t\t<\/div>\n\t\t\t\t<\/div>\n\t\t\t\t<\/div>\n\t\t\t\t\t<\/div>\n\t\t\t\t<\/div>\n\t\t<div class=\"elementor-element elementor-element-68b789c e-flex e-con-boxed e-con e-parent\" data-id=\"68b789c\" data-element_type=\"container\" data-settings=\"{&quot;jet_parallax_layout_list&quot;:[]}\">\n\t\t\t\t\t<div class=\"e-con-inner\">\n\t\t\t\t<div class=\"elementor-element elementor-element-95cfb46 elementor-widget elementor-widget-eael-breadcrumbs\" data-id=\"95cfb46\" data-element_type=\"widget\" data-widget_type=\"eael-breadcrumbs.default\">\n\t\t\t\t<div class=\"elementor-widget-container\">\n\t\t\t\t\t\t\t<div class=\"eael-breadcrumbs\">\n\t\t\t<div class=\"eael-breadcrumbs__content\"><a href=\"https:\/\/fcquna.edu.py\/v3\">Home<\/a> <span class=\"eael-breadcrumb-separator\">\/<\/span> <span class = \"eael-current\">Page<\/span><\/div>\t\t<\/div>\n\t\t\t\t\t\t<\/div>\n\t\t\t\t<\/div>\n\t\t\t\t\t<\/div>\n\t\t\t\t<\/div>\n\t\t<div class=\"elementor-element elementor-element-12c6c29 e-flex e-con-boxed e-con e-parent\" data-id=\"12c6c29\" data-element_type=\"container\" data-settings=\"{&quot;jet_parallax_layout_list&quot;:[]}\">\n\t\t\t\t\t<div class=\"e-con-inner\">\n\t\t\t\t<div class=\"elementor-element elementor-element-9e304fa elementor-widget elementor-widget-text-editor\" data-id=\"9e304fa\" data-element_type=\"widget\" data-widget_type=\"text-editor.default\">\n\t\t\t\t\t\t\t\t\t<p><strong>Ofrecemos una amplia gama de an\u00e1lisis fisicoqu\u00edmicos, asegurando a nuestros clientes la mayor confianza en la integridad de sus resultados.<\/strong><\/p>\t\t\t\t\t\t\t\t<\/div>\n\t\t\t\t<div class=\"elementor-element elementor-element-cf89bac elementor-widget elementor-widget-text-editor\" data-id=\"cf89bac\" data-element_type=\"widget\" data-widget_type=\"text-editor.default\">\n\t\t\t\t\t\t\t\t\t<p>SERVICIOS<\/p>\t\t\t\t\t\t\t\t<\/div>\n\t\t\t\t<div class=\"elementor-element elementor-element-6c89390 elementor-widget elementor-widget-heading\" data-id=\"6c89390\" data-element_type=\"widget\" data-widget_type=\"heading.default\">\n\t\t\t\t\t<h2 class=\"elementor-heading-title elementor-size-default\">Determinaciones que realizamos<\/h2>\t\t\t\t<\/div>\n\t\t<div class=\"elementor-element elementor-element-757ec27 e-grid e-con-full e-con e-child\" data-id=\"757ec27\" data-element_type=\"container\" data-settings=\"{&quot;jet_parallax_layout_list&quot;:[]}\">\n\t\t\t\t<div class=\"elementor-element elementor-element-045f016 elementor-widget elementor-widget-text-editor\" data-id=\"045f016\" data-element_type=\"widget\" data-widget_type=\"text-editor.default\">\n\t\t\t\t\t\t\t\t\t<p style=\"text-align: center; background-color: #368fcf; padding-top: 10px; padding-bottom: 10px; color: white;\"><strong>Macrocomponentes<\/strong><\/p>\n\n<ul>\n \t<li>Carbohidratos<\/li>\n \t<li>Cenizas o minerales totales<\/li>\n \t<li>Fibro alimentaria<\/li>\n \t<li>Humedad<\/li>\n \t<li>L\u00edpidos totales<\/li>\n \t<li>Prote\u00ednas<\/li>\n<\/ul>\t\t\t\t\t\t\t\t<\/div>\n\t\t\t\t<div class=\"elementor-element elementor-element-e115cd6 elementor-widget elementor-widget-text-editor\" data-id=\"e115cd6\" data-element_type=\"widget\" data-widget_type=\"text-editor.default\">\n\t\t\t\t\t\t\t\t\t<p style=\"text-align: center; background-color:#368fcf; padding-top:10px; padding-bottom:10px; color:white\"><strong>Micronutrientes<\/strong><\/p>\n\n<ul>\n \t<li>Acido asc\u00f3rbico<\/li>\n \t<li>Acido F\u00f3Iico<\/li>\n \t<li>Niacina<\/li>\n \t<li>Riboflavina<\/li>\n \t<li>Tiamina<\/li>\n \t<li>Calcio<\/li>\n \t<li>Cobre<\/li>\n \t<li>F\u00f3sforo<\/li>\n \t<li>Hierro<\/li>\n \t<li>Magnesio<\/li>\n \t<li>Manganeso<\/li>\n \t<li>Potasio<\/li>\n \t<li>Sodio<\/li>\n \t<li>Zinc<\/li>\n<\/ul>\t\t\t\t\t\t\t\t<\/div>\n\t\t\t\t<div class=\"elementor-element elementor-element-aa69863 elementor-widget elementor-widget-text-editor\" data-id=\"aa69863\" data-element_type=\"widget\" data-widget_type=\"text-editor.default\">\n\t\t\t\t\t\t\t\t\t<p style=\"text-align: center; background-color:#368fcf; padding-top:10px; padding-bottom:10px; color:white\"><strong>Matrices analizadas<\/strong><\/p>\n\n<ul>\n \t<li>Aceites vegetates<\/li>\n \t<li>Balanceado animal<\/li>\n \t<li>Bebidas no alcoh\u00f3Iicas<\/li>\n \t<li>C\u00e1rnicos y derivados<\/li>\n \t<li>Cereales y derivados<\/li>\n \t<li>Verduras y frutas<\/li>\n \t<li>Yerba mate<\/li>\n<\/ul>\t\t\t\t\t\t\t\t<\/div>\n\t\t\t\t<div class=\"elementor-element elementor-element-e2ce030 elementor-widget elementor-widget-text-editor\" data-id=\"e2ce030\" data-element_type=\"widget\" data-widget_type=\"text-editor.default\">\n\t\t\t\t\t\t\t\t\t<p style=\"text-align: center; background-color:#368fcf; padding-top:10px; padding-bottom:10px; color:white;\"><strong>Determinaciones que realizamos para la Miel<\/strong><\/p>\n\n<ul>\n \t<li>Proteinas<\/li>\n \t<li>Carbohidratos<\/li>\n \t<li>L\u00edpidos<\/li>\n \t<li>Fibra alimentaria<\/li>\n \t<li>Humedad<\/li>\n \t<li>Valor cal\u00f3rico<\/li>\n<\/ul>\t\t\t\t\t\t\t\t<\/div>\n\t\t\t\t<\/div>\n\t\t\t\t<div class=\"elementor-element elementor-element-90103bc elementor-widget elementor-widget-text-editor\" data-id=\"90103bc\" data-element_type=\"widget\" data-widget_type=\"text-editor.default\">\n\t\t\t\t\t\t\t\t\t<p><strong>An\u00e1lisis especiales:<\/strong><br \/>\u2022\u00a0Valor cal\u00f3rico \u2022\u00a0 Acidos grasps trans \u2022 Actividad de agua \u2022\u00a0Cafe\u00edna \u2022 Extracto et\u00e9reo \u2022\u00a0 Fenoles totales \u2022\u00a0Fibra bruta \u2022 Indice de acidez \u2022 Indice de per\u00f3xidos \u2022\u00a0 Nitratos en alimentos \u2022\u00a0Nitritos en alimentos \u2022 Partida e impurezas \u2022 pH \u2022 S\u00f3Iidos solubles \u2022 Porcentaje de palos (Yerba mate) \u2022\u00a0Extracto acuoso (Yerba mate)<\/p>\t\t\t\t\t\t\t\t<\/div>\n\t\t\t\t<div class=\"elementor-element elementor-element-9199b51 elementor-widget elementor-widget-spacer\" data-id=\"9199b51\" data-element_type=\"widget\" data-widget_type=\"spacer.default\">\n\t\t\t\t\t\t\t<div class=\"elementor-spacer\">\n\t\t\t<div class=\"elementor-spacer-inner\"><\/div>\n\t\t<\/div>\n\t\t\t\t\t\t<\/div>\n\t\t\t\t<div class=\"elementor-element elementor-element-22bc492 elementor-widget elementor-widget-heading\" data-id=\"22bc492\" data-element_type=\"widget\" data-widget_type=\"heading.default\">\n\t\t\t\t\t<h2 class=\"elementor-heading-title elementor-size-default\">Contacto<\/h2>\t\t\t\t<\/div>\n\t\t\t\t<div class=\"elementor-element elementor-element-67056fe elementor-widget elementor-widget-text-editor\" data-id=\"67056fe\" data-element_type=\"widget\" data-widget_type=\"text-editor.default\">\n\t\t\t\t\t\t\t\t\t<p><i class=\"fa-solid fa-phone\"><\/i> (021) 729 0030 int: 101 | <i class=\"fa-brands fa-whatsapp\"><\/i> 0991 973 194 | <i class=\"fa-regular fa-envelope\"><\/i> <a href=\"mailto:ctqenlace@qui.una.py\">ctqenlace@qui.una.py<\/a><\/p>\t\t\t\t\t\t\t\t<\/div>\n\t\t\t\t\t<\/div>\n\t\t\t\t<\/div>\n\t\t\t\t<\/div>\n\t\t","protected":false},"excerpt":{"rendered":"<p>Laboratorio de Alimentos Home \/ Page Ofrecemos una amplia gama de an\u00e1lisis fisicoqu\u00edmicos, asegurando a nuestros clientes la mayor confianza en la integridad de sus resultados. SERVICIOS Determinaciones que realizamos Macrocomponentes Carbohidratos Cenizas o minerales totales Fibro alimentaria Humedad L\u00edpidos totales Prote\u00ednas Micronutrientes Acido asc\u00f3rbico Acido F\u00f3Iico Niacina Riboflavina Tiamina Calcio Cobre F\u00f3sforo Hierro Magnesio [&hellip;]<\/p>\n","protected":false},"author":1,"featured_media":45887,"parent":45710,"menu_order":0,"comment_status":"closed","ping_status":"closed","template":"elementor_header_footer","meta":{"footnotes":""},"class_list":["post-46345","page","type-page","status-publish","has-post-thumbnail","hentry"],"_links":{"self":[{"href":"https:\/\/fcquna.edu.py\/v3\/wp-json\/wp\/v2\/pages\/46345","targetHints":{"allow":["GET"]}}],"collection":[{"href":"https:\/\/fcquna.edu.py\/v3\/wp-json\/wp\/v2\/pages"}],"about":[{"href":"https:\/\/fcquna.edu.py\/v3\/wp-json\/wp\/v2\/types\/page"}],"author":[{"embeddable":true,"href":"https:\/\/fcquna.edu.py\/v3\/wp-json\/wp\/v2\/users\/1"}],"replies":[{"embeddable":true,"href":"https:\/\/fcquna.edu.py\/v3\/wp-json\/wp\/v2\/comments?post=46345"}],"version-history":[{"count":82,"href":"https:\/\/fcquna.edu.py\/v3\/wp-json\/wp\/v2\/pages\/46345\/revisions"}],"predecessor-version":[{"id":46433,"href":"https:\/\/fcquna.edu.py\/v3\/wp-json\/wp\/v2\/pages\/46345\/revisions\/46433"}],"up":[{"embeddable":true,"href":"https:\/\/fcquna.edu.py\/v3\/wp-json\/wp\/v2\/pages\/45710"}],"wp:featuredmedia":[{"embeddable":true,"href":"https:\/\/fcquna.edu.py\/v3\/wp-json\/wp\/v2\/media\/45887"}],"wp:attachment":[{"href":"https:\/\/fcquna.edu.py\/v3\/wp-json\/wp\/v2\/media?parent=46345"}],"curies":[{"name":"wp","href":"https:\/\/api.w.org\/{rel}","templated":true}]}}